Last updated on 2025-01-19 06:48:37 CET.
Flavor | Version | Tinstall | Tcheck | Ttotal | Status | Flags |
---|---|---|---|---|---|---|
r-devel-linux-x86_64-debian-clang | 5.2.2 | 14.08 | 66.81 | 80.89 | OK | |
r-devel-linux-x86_64-debian-gcc | 5.2.2 | 10.43 | 65.26 | 75.69 | OK | |
r-devel-linux-x86_64-fedora-gcc | 5.2.2 | 143.18 | OK | |||
r-devel-windows-x86_64 | 5.2.2 | 42.00 | 149.00 | 191.00 | OK | |
r-patched-linux-x86_64 | 5.2.2 | 14.90 | 169.26 | 184.16 | OK | |
r-release-linux-x86_64 | 5.2.2 | 14.04 | 123.83 | 137.87 | OK | |
r-release-macos-arm64 | 5.2.2 | 66.00 | NOTE | |||
r-release-macos-x86_64 | 5.2.2 | 127.00 | NOTE | |||
r-release-windows-x86_64 | 5.2.2 | 47.00 | 142.00 | 189.00 | NOTE | |
r-oldrel-macos-arm64 | 5.2.2 | 66.00 | NOTE | |||
r-oldrel-macos-x86_64 | 5.2.2 | 125.00 | NOTE | |||
r-oldrel-windows-x86_64 | 5.2.2 | 47.00 | 162.00 | 209.00 | NOTE |
Version: 5.2.2
Check: installed package size
Result: NOTE
installed size is 32.7Mb
sub-directories of 1Mb or more:
doc 1.1Mb
libs 9.3Mb
tessdata 22.2Mb
Flavors: r-release-macos-arm64, r-release-macos-x86_64, r-release-windows-x86_64, r-oldrel-macos-arm64, r-oldrel-macos-x86_64, r-oldrel-windows-x86_64