Last updated on 2023-06-01 06:58:48 CEST.
Flavor | Version | Tinstall | Tcheck | Ttotal | Status | Flags |
---|---|---|---|---|---|---|
r-devel-linux-x86_64-debian-clang | 2.4.8 | 41.35 | 124.81 | 166.16 | OK | |
r-devel-linux-x86_64-debian-gcc | 2.4.8 | 30.70 | 92.63 | 123.33 | OK | |
r-devel-linux-x86_64-fedora-clang | 2.4.8 | 226.32 | WARN | |||
r-devel-linux-x86_64-fedora-gcc | 2.4.8 | 214.79 | OK | |||
r-devel-windows-x86_64 | 2.4.8 | 36.00 | 129.00 | 165.00 | OK | |
r-patched-linux-x86_64 | 2.4.8 | OK | ||||
r-release-linux-x86_64 | 2.4.8 | 39.39 | 116.71 | 156.10 | OK | |
r-release-macos-arm64 | 2.4.8 | 65.00 | OK | |||
r-release-macos-x86_64 | 2.4.8 | 100.00 | OK | |||
r-release-windows-x86_64 | 2.4.8 | 47.00 | 159.00 | 206.00 | OK | |
r-oldrel-macos-arm64 | 2.4.8 | 57.00 | OK | |||
r-oldrel-macos-x86_64 | 2.4.8 | 103.00 | OK | |||
r-oldrel-windows-x86_64 | 2.4.8 | 42.00 | 143.00 | 185.00 | OK |
Version: 2.4.8
Check: whether package can be installed
Result: WARN
Found the following significant warnings:
/data/gannet/ripley/R/test-clang/Rcpp/include/Rcpp/sugar/functions/sapply.h:36:26: warning: 'result_of<double (*(double))(double)>' is deprecated [-Wdeprecated-declarations]
See ‘/data/gannet/ripley/R/packages/tests-clang/texmex.Rcheck/00install.out’ for details.
* used C++ compiler: ‘clang version 16.0.4’
Flavor: r-devel-linux-x86_64-fedora-clang