CRAN Package Check Results for Package texreg

Last updated on 2020-11-29 06:46:50 CET.

Flavor Version Tinstall Tcheck Ttotal Status Flags
r-devel-linux-x86_64-debian-clang 1.37.5 23.34 140.59 163.93 NOTE
r-devel-linux-x86_64-debian-gcc 1.37.5 15.64 104.98 120.62 NOTE
r-devel-linux-x86_64-fedora-clang 1.37.5 200.73 NOTE
r-devel-linux-x86_64-fedora-gcc 1.37.5 210.49 NOTE
r-devel-windows-ix86+x86_64 1.37.5 29.00 157.00 186.00 OK
r-patched-linux-x86_64 1.37.5 21.76 134.13 155.89 NOTE
r-patched-solaris-x86 1.37.5 224.90 NOTE
r-release-linux-x86_64 1.37.5 18.08 137.90 155.98 NOTE
r-release-macos-x86_64 1.37.5 NOTE
r-release-windows-ix86+x86_64 1.37.5 28.00 113.00 141.00 OK
r-oldrel-macos-x86_64 1.37.5 NOTE
r-oldrel-windows-ix86+x86_64 1.37.5 26.00 143.00 169.00 OK

Check Details

Version: 1.37.5
Check: package dependencies
Result: NOTE
    Package which this enhances but not available for checking: 'Zelig'
Flavors: r-devel-linux-x86_64-debian-clang, r-devel-linux-x86_64-debian-gcc, r-devel-linux-x86_64-fedora-clang, r-devel-linux-x86_64-fedora-gcc, r-patched-linux-x86_64, r-patched-solaris-x86, r-release-linux-x86_64, r-release-macos-x86_64

Version: 1.37.5
Check: Rd cross-references
Result: NOTE
    Unknown package 'Zelig' in Rd xrefs
Flavors: r-devel-linux-x86_64-debian-clang, r-devel-linux-x86_64-debian-gcc, r-devel-linux-x86_64-fedora-gcc, r-patched-linux-x86_64, r-patched-solaris-x86, r-release-linux-x86_64, r-release-macos-x86_64

Version: 1.37.5
Check: Rd cross-references
Result: NOTE
    Undeclared packages ‘h2o’, ‘eha’, ‘mfx’, ‘betareg’, ‘brglm’, ‘censReg’, ‘ergm’, ‘latentnet’, ‘fGarch’, ‘gee’, ‘geepack’, ‘gmm’, ‘robustbase’, ‘gnm’, ‘pscl’, ‘robust’, ‘sna’, ‘lqmm’, ‘rms’, ‘erer’, ‘mhurdle’, ‘oglmx’, ‘panelAR’, ‘pglm’, ‘relevent’, ‘quantreg’, ‘spatialreg’, ‘sampleSelection’, ‘RSiena’, ‘simex’, ‘tergm’, ‘survey’, ‘systemfit’, ‘metaSEM’ in Rd xrefs
    Unknown package ‘Zelig’ in Rd xrefs
Flavor: r-devel-linux-x86_64-fedora-clang

Version: 1.37.5
Check: dependencies in R code
Result: NOTE
    No protocol specified
    No protocol specified
Flavor: r-oldrel-macos-x86_64