Last updated on 2023-03-26 06:53:39 CEST.
Flavor | Version | Tinstall | Tcheck | Ttotal | Status | Flags |
---|---|---|---|---|---|---|
r-devel-linux-x86_64-debian-clang | 0.1.6 | 22.19 | 183.24 | 205.43 | OK | |
r-devel-linux-x86_64-debian-gcc | 0.1.6 | 16.96 | 136.11 | 153.07 | OK | |
r-devel-linux-x86_64-fedora-clang | 0.1.6 | 272.66 | NOTE | |||
r-devel-linux-x86_64-fedora-gcc | 0.1.6 | 253.06 | NOTE | |||
r-patched-linux-x86_64 | 0.1.6 | 18.28 | 169.87 | 188.15 | OK | |
r-release-linux-x86_64 | 0.1.6 | 16.61 | 172.98 | 189.59 | OK | |
r-release-macos-arm64 | 0.1.6 | 70.00 | NOTE | |||
r-release-macos-x86_64 | 0.1.6 | 95.00 | NOTE | |||
r-release-windows-x86_64 | 0.1.6 | 62.00 | 206.00 | 268.00 | OK | |
r-oldrel-macos-arm64 | 0.1.6 | 65.00 | NOTE | |||
r-oldrel-macos-x86_64 | 0.1.6 | 101.00 | NOTE | |||
r-oldrel-windows-ix86+x86_64 | 0.1.6 | 44.00 | 205.00 | 249.00 | OK |
Version: 0.1.6
Check: data for non-ASCII characters
Result: NOTE
Note: found 3 marked UTF-8 strings
Flavors: r-devel-linux-x86_64-fedora-clang, r-devel-linux-x86_64-fedora-gcc, r-release-macos-arm64, r-release-macos-x86_64, r-oldrel-macos-arm64, r-oldrel-macos-x86_64