Last updated on 2023-03-28 06:51:32 CEST.
Flavor | Version | Tinstall | Tcheck | Ttotal | Status | Flags |
---|---|---|---|---|---|---|
r-devel-linux-x86_64-debian-clang | 1.1.7 | 128.93 | 159.42 | 288.35 | NOTE | |
r-devel-linux-x86_64-debian-gcc | 1.1.7 | 114.68 | 130.38 | 245.06 | NOTE | |
r-devel-linux-x86_64-fedora-clang | 1.1.7 | 408.97 | NOTE | |||
r-devel-linux-x86_64-fedora-gcc | 1.1.7 | 413.29 | NOTE | |||
r-patched-linux-x86_64 | 1.1.7 | 123.38 | 159.26 | 282.64 | NOTE | |
r-release-linux-x86_64 | 1.1.7 | 114.59 | 151.89 | 266.48 | OK | |
r-release-macos-arm64 | 1.1.7 | 121.00 | NOTE | |||
r-release-macos-x86_64 | 1.1.7 | 131.00 | NOTE | |||
r-release-windows-x86_64 | 1.1.7 | 146.00 | 218.00 | 364.00 | OK | |
r-oldrel-macos-arm64 | 1.1.7 | 104.00 | NOTE | |||
r-oldrel-macos-x86_64 | 1.1.7 | 132.00 | NOTE | |||
r-oldrel-windows-ix86+x86_64 | 1.1.7 | 290.00 | 256.00 | 546.00 | NOTE |
Version: 1.1.7
Check: C++ specification
Result: NOTE
Specified C++11: please drop specification unless essential
Flavors: r-devel-linux-x86_64-debian-clang, r-devel-linux-x86_64-debian-gcc, r-devel-linux-x86_64-fedora-clang, r-devel-linux-x86_64-fedora-gcc, r-patched-linux-x86_64
Version: 1.1.7
Check: installed package size
Result: NOTE
installed size is 15.2Mb
sub-directories of 1Mb or more:
libs 13.6Mb
Flavors: r-release-macos-arm64, r-release-macos-x86_64, r-oldrel-macos-arm64, r-oldrel-macos-x86_64, r-oldrel-windows-ix86+x86_64