Last updated on 2022-06-26 06:50:51 CEST.
Flavor | Version | Tinstall | Tcheck | Ttotal | Status | Flags |
---|---|---|---|---|---|---|
r-devel-linux-x86_64-debian-clang | 1.0-7 | 2.73 | 25.41 | 28.14 | OK | |
r-devel-linux-x86_64-debian-gcc | 1.0-7 | 2.21 | 19.39 | 21.60 | OK | |
r-devel-linux-x86_64-fedora-clang | 1.0-7 | 44.67 | NOTE | |||
r-devel-linux-x86_64-fedora-gcc | 1.0-7 | 43.63 | NOTE | |||
r-devel-windows-x86_64 | 1.0-7 | 12.00 | 52.00 | 64.00 | OK | |
r-patched-linux-x86_64 | 1.0-7 | 2.67 | 24.56 | 27.23 | OK | |
r-release-linux-x86_64 | 1.0-7 | 2.25 | 24.02 | 26.27 | OK | |
r-release-macos-arm64 | 1.0-7 | 16.00 | NOTE | |||
r-release-macos-x86_64 | 1.0-7 | 23.00 | NOTE | |||
r-release-windows-x86_64 | 1.0-7 | 22.00 | 56.00 | 78.00 | OK | |
r-oldrel-macos-arm64 | 1.0-7 | 17.00 | NOTE | |||
r-oldrel-macos-x86_64 | 1.0-7 | 28.00 | NOTE | |||
r-oldrel-windows-ix86+x86_64 | 1.0-7 | 6.00 | 41.00 | 47.00 | OK |
Version: 1.0-7
Check: Rd cross-references
Result: NOTE
Undeclared package ‘NLP’ in Rd xrefs
Flavor: r-devel-linux-x86_64-fedora-clang
Version: 1.0-7
Check: data for non-ASCII characters
Result: NOTE
Note: found 10051 marked UTF-8 strings
Note: found 10523 strings marked as "bytes"
Flavors: r-devel-linux-x86_64-fedora-clang, r-devel-linux-x86_64-fedora-gcc, r-release-macos-arm64, r-release-macos-x86_64, r-oldrel-macos-arm64, r-oldrel-macos-x86_64