CRAN Package Check Results for Package textclean

Last updated on 2024-07-16 07:01:53 CEST.

Flavor Version Tinstall Tcheck Ttotal Status Flags
r-devel-linux-x86_64-debian-clang 0.9.3 13.74 54.62 68.36 NOTE
r-devel-linux-x86_64-debian-gcc 0.9.3 12.53 40.02 52.55 NOTE
r-devel-linux-x86_64-fedora-clang 0.9.3 90.58 NOTE
r-devel-linux-x86_64-fedora-gcc 0.9.3 82.34 NOTE
r-devel-windows-x86_64 0.9.3 17.00 69.00 86.00 NOTE
r-patched-linux-x86_64 0.9.3 9.22 50.97 60.19 NOTE
r-release-linux-x86_64 0.9.3 11.26 50.57 61.83 NOTE
r-release-macos-arm64 0.9.3 33.00 NOTE
r-release-macos-x86_64 0.9.3 44.00 NOTE
r-release-windows-x86_64 0.9.3 15.00 68.00 83.00 NOTE
r-oldrel-macos-arm64 0.9.3 37.00 OK
r-oldrel-macos-x86_64 0.9.3 52.00 OK
r-oldrel-windows-x86_64 0.9.3 19.00 75.00 94.00 OK

Check Details

Version: 0.9.3
Check: Rd files
Result: NOTE checkRd: (-1) check_text.Rd:31: Lost braces in \itemize; \value handles \item{}{} directly checkRd: (-1) check_text.Rd:32: Lost braces in \itemize; \value handles \item{}{} directly checkRd: (-1) check_text.Rd:33: Lost braces in \itemize; \value handles \item{}{} directly checkRd: (-1) check_text.Rd:34: Lost braces in \itemize; \value handles \item{}{} directly checkRd: (-1) check_text.Rd:35: Lost braces in \itemize; \value handles \item{}{} directly checkRd: (-1) check_text.Rd:36: Lost braces in \itemize; \value handles \item{}{} directly checkRd: (-1) check_text.Rd:37: Lost braces in \itemize; \value handles \item{}{} directly checkRd: (-1) check_text.Rd:38: Lost braces in \itemize; \value handles \item{}{} directly checkRd: (-1) check_text.Rd:39: Lost braces in \itemize; \value handles \item{}{} directly checkRd: (-1) check_text.Rd:40: Lost braces in \itemize; \value handles \item{}{} directly checkRd: (-1) check_text.Rd:41: Lost braces in \itemize; \value handles \item{}{} directly checkRd: (-1) check_text.Rd:42: Lost braces in \itemize; \value handles \item{}{} directly checkRd: (-1) check_text.Rd:43: Lost braces in \itemize; \value handles \item{}{} directly checkRd: (-1) check_text.Rd:44: Lost braces in \itemize; \value handles \item{}{} directly checkRd: (-1) check_text.Rd:45: Lost braces in \itemize; \value handles \item{}{} directly checkRd: (-1) check_text.Rd:46: Lost braces in \itemize; \value handles \item{}{} directly checkRd: (-1) check_text.Rd:47: Lost braces in \itemize; \value handles \item{}{} directly checkRd: (-1) check_text.Rd:48: Lost braces in \itemize; \value handles \item{}{} directly checkRd: (-1) check_text.Rd:49: Lost braces in \itemize; \value handles \item{}{} directly checkRd: (-1) check_text.Rd:50: Lost braces in \itemize; \value handles \item{}{} directly checkRd: (-1) check_text.Rd:51: Lost braces in \itemize; \value handles \item{}{} directly checkRd: (-1) check_text.Rd:52: Lost braces in \itemize; \value handles \item{}{} directly checkRd: (-1) check_text.Rd:53: Lost braces in \itemize; \value handles \item{}{} directly checkRd: (-1) replace_html.Rd:12: Lost braces 12 | \item{symbol}{logical. If code{TRUE} the symbols are retained with appropriate | ^ Flavors: r-devel-linux-x86_64-debian-clang, r-devel-linux-x86_64-debian-gcc, r-devel-linux-x86_64-fedora-clang, r-devel-linux-x86_64-fedora-gcc, r-devel-windows-x86_64, r-patched-linux-x86_64, r-release-linux-x86_64, r-release-macos-arm64, r-release-macos-x86_64, r-release-windows-x86_64

Version: 0.9.3
Check: Rd cross-references
Result: NOTE Undeclared package ‘gsubfn’ in Rd xrefs Flavor: r-devel-linux-x86_64-fedora-clang