Last updated on 2023-03-28 06:51:32 CEST.
Flavor | Version | Tinstall | Tcheck | Ttotal | Status | Flags |
---|---|---|---|---|---|---|
r-devel-linux-x86_64-debian-clang | 0.3.3 | 11.88 | 49.30 | 61.18 | NOTE | |
r-devel-linux-x86_64-debian-gcc | 0.3.3 | 8.51 | 37.56 | 46.07 | NOTE | |
r-devel-linux-x86_64-fedora-clang | 0.3.3 | 77.70 | NOTE | |||
r-devel-linux-x86_64-fedora-gcc | 0.3.3 | 75.26 | NOTE | |||
r-patched-linux-x86_64 | 0.3.3 | 12.56 | 46.49 | 59.05 | NOTE | |
r-release-linux-x86_64 | 0.3.3 | 11.11 | 48.03 | 59.14 | NOTE | |
r-release-macos-arm64 | 0.3.3 | 30.00 | NOTE | |||
r-release-macos-x86_64 | 0.3.3 | 50.00 | NOTE | |||
r-release-windows-x86_64 | 0.3.3 | 30.00 | 74.00 | 104.00 | NOTE | |
r-oldrel-macos-arm64 | 0.3.3 | 34.00 | NOTE | |||
r-oldrel-macos-x86_64 | 0.3.3 | 57.00 | NOTE | |||
r-oldrel-windows-ix86+x86_64 | 0.3.3 | 23.00 | 73.00 | 96.00 | NOTE |
Version: 0.3.3
Check: LazyData
Result: NOTE
'LazyData' is specified without a 'data' directory
Flavors: r-devel-linux-x86_64-debian-clang, r-devel-linux-x86_64-debian-gcc, r-devel-linux-x86_64-fedora-clang, r-devel-linux-x86_64-fedora-gcc, r-patched-linux-x86_64, r-release-linux-x86_64, r-release-macos-arm64, r-release-macos-x86_64, r-release-windows-x86_64, r-oldrel-macos-arm64, r-oldrel-macos-x86_64, r-oldrel-windows-ix86+x86_64