CRAN Package Check Results for Package textgRid

Last updated on 2022-01-26 06:50:31 CET.

Flavor Version Tinstall Tcheck Ttotal Status Flags
r-devel-linux-x86_64-debian-clang 1.0.1 2.12 35.17 37.29 NOTE
r-devel-linux-x86_64-debian-gcc 1.0.1 1.85 27.42 29.27 NOTE
r-devel-linux-x86_64-fedora-clang 1.0.1 48.04 NOTE
r-devel-linux-x86_64-fedora-gcc 1.0.1 35.71 NOTE
r-devel-windows-x86_64-new-UL 1.0.1 56.00 57.00 113.00 NOTE
r-devel-windows-x86_64-new-TK 1.0.1 NOTE
r-patched-linux-x86_64 1.0.1 2.19 33.59 35.78 NOTE
r-release-linux-x86_64 1.0.1 1.89 33.35 35.24 NOTE
r-release-macos-arm64 1.0.1 NOTE
r-release-macos-x86_64 1.0.1 NOTE
r-release-windows-ix86+x86_64 1.0.1 5.00 42.00 47.00 NOTE
r-oldrel-macos-x86_64 1.0.1 OK
r-oldrel-windows-ix86+x86_64 1.0.1 6.00 42.00 48.00 OK

Check Details

Version: 1.0.1
Check: LazyData
Result: NOTE
     'LazyData' is specified without a 'data' directory
Flavors: r-devel-linux-x86_64-debian-clang, r-devel-linux-x86_64-debian-gcc, r-devel-linux-x86_64-fedora-clang, r-devel-linux-x86_64-fedora-gcc, r-devel-windows-x86_64-new-UL, r-devel-windows-x86_64-new-TK, r-patched-linux-x86_64, r-release-linux-x86_64, r-release-macos-arm64, r-release-macos-x86_64, r-release-windows-ix86+x86_64