CRAN Package Check Results for Package textshape

Last updated on 2022-01-17 06:53:32 CET.

Flavor Version Tinstall Tcheck Ttotal Status Flags
r-devel-linux-x86_64-debian-clang 1.7.3 4.90 48.98 53.88 OK
r-devel-linux-x86_64-debian-gcc 1.7.3 3.06 36.32 39.38 OK
r-devel-linux-x86_64-fedora-clang 1.7.3 66.34 NOTE
r-devel-linux-x86_64-fedora-gcc 1.7.3 52.19 OK
r-devel-windows-x86_64-new-UL 1.7.3 81.00 69.00 150.00 OK
r-devel-windows-x86_64-new-TK 1.7.3 OK
r-patched-linux-x86_64 1.7.3 4.50 45.77 50.27 OK
r-release-linux-x86_64 1.7.3 OK
r-release-macos-arm64 1.7.3 OK
r-release-macos-x86_64 1.7.3 OK
r-release-windows-ix86+x86_64 1.7.3 8.00 56.00 64.00 OK
r-oldrel-macos-x86_64 1.7.3 OK
r-oldrel-windows-ix86+x86_64 1.7.3 8.00 57.00 65.00 OK

Check Details

Version: 1.7.3
Check: Rd cross-references
Result: NOTE
    Undeclared packages ‘tm’, ‘textreadr’ in Rd xrefs
Flavor: r-devel-linux-x86_64-fedora-clang