CRAN Package Check Results for Package thankr

Last updated on 2022-01-26 06:50:32 CET.

Flavor Version Tinstall Tcheck Ttotal Status Flags
r-devel-linux-x86_64-debian-clang 1.0.0 1.95 31.15 33.10 NOTE
r-devel-linux-x86_64-debian-gcc 1.0.0 1.44 24.56 26.00 NOTE
r-devel-linux-x86_64-fedora-clang 1.0.0 42.16 NOTE
r-devel-linux-x86_64-fedora-gcc 1.0.0 79.21 NOTE
r-devel-windows-x86_64-new-UL 1.0.0 18.00 47.00 65.00 NOTE
r-devel-windows-x86_64-new-TK 1.0.0 NOTE
r-patched-linux-x86_64 1.0.0 1.30 29.68 30.98 NOTE
r-release-linux-x86_64 1.0.0 1.45 29.57 31.02 NOTE
r-release-macos-arm64 1.0.0 NOTE
r-release-macos-x86_64 1.0.0 ERROR
r-release-windows-ix86+x86_64 1.0.0 4.00 39.00 43.00 NOTE
r-oldrel-macos-x86_64 1.0.0 OK
r-oldrel-windows-ix86+x86_64 1.0.0 4.00 39.00 43.00 OK

Check Details

Version: 1.0.0
Check: LazyData
Result: NOTE
     'LazyData' is specified without a 'data' directory
Flavors: r-devel-linux-x86_64-debian-clang, r-devel-linux-x86_64-debian-gcc, r-devel-linux-x86_64-fedora-clang, r-devel-linux-x86_64-fedora-gcc, r-devel-windows-x86_64-new-UL, r-devel-windows-x86_64-new-TK, r-patched-linux-x86_64, r-release-linux-x86_64, r-release-macos-arm64, r-release-macos-x86_64, r-release-windows-ix86+x86_64

Version: 1.0.0
Check: tests
Result: ERROR
     Running ‘testthat.R’ [25s/47s]
    Running the tests in ‘tests/testthat.R’ failed.
    Last 13 lines of output:
     Error: $ operator is invalid for atomic vectors
     Backtrace:
     █
     1. └─thankr::shoulders("library") test-shoulders.R:17:2
     2. └─thankr:::library_shoulders()
     3. └─thankr:::build_package_list(utils::installed.packages()[, 1])
     4. ├─thankr:::format_pkg_df(...)
     5. │ └─base::stopifnot(is.list(lpkgs))
     6. └─base::lapply(...)
     7. └─thankr:::FUN(X[[i]], ...)
     8. └─thankr:::get_maintainer(x)
    
     [ FAIL 1 | WARN 1 | SKIP 1 | PASS 9 ]
     Error: Test failures
     Execution halted
Flavor: r-release-macos-x86_64