Last updated on 2023-03-22 05:52:41 CET.
Flavor | Version | Tinstall | Tcheck | Ttotal | Status | Flags |
---|---|---|---|---|---|---|
r-devel-linux-x86_64-debian-clang | 0.1.0 | 5.35 | 115.22 | 120.57 | OK | |
r-devel-linux-x86_64-debian-gcc | 0.1.0 | 4.42 | 90.89 | 95.31 | OK | |
r-devel-linux-x86_64-fedora-clang | 0.1.0 | 163.30 | NOTE | |||
r-devel-linux-x86_64-fedora-gcc | 0.1.0 | 154.61 | NOTE | |||
r-patched-linux-x86_64 | 0.1.0 | 5.65 | 112.87 | 118.52 | OK | |
r-release-linux-x86_64 | 0.1.0 | 3.96 | 113.28 | 117.24 | OK | |
r-release-macos-arm64 | 0.1.0 | 49.00 | NOTE | |||
r-release-macos-x86_64 | 0.1.0 | 82.00 | NOTE | |||
r-release-windows-x86_64 | 0.1.0 | 19.00 | 147.00 | 166.00 | OK | |
r-oldrel-macos-arm64 | 0.1.0 | 45.00 | NOTE | |||
r-oldrel-macos-x86_64 | 0.1.0 | 63.00 | NOTE | |||
r-oldrel-windows-ix86+x86_64 | 0.1.0 | 13.00 | 143.00 | 156.00 | OK |
Version: 0.1.0
Check: data for non-ASCII characters
Result: NOTE
Note: found 4546 marked UTF-8 strings
Flavors: r-devel-linux-x86_64-fedora-clang, r-devel-linux-x86_64-fedora-gcc, r-release-macos-arm64, r-release-macos-x86_64, r-oldrel-macos-arm64, r-oldrel-macos-x86_64