CRAN Package Check Results for Package tidyfst

Last updated on 2021-11-29 06:48:45 CET.

Flavor Version Tinstall Tcheck Ttotal Status Flags
r-devel-linux-x86_64-debian-clang 1.0.0 OK
r-devel-linux-x86_64-debian-gcc 1.0.0 4.41 72.73 77.14 OK
r-devel-linux-x86_64-fedora-clang 1.0.0 130.87 NOTE
r-devel-linux-x86_64-fedora-gcc 1.0.0 110.41 OK
r-devel-windows-x86_64-new-UL 1.0.0 16.00 171.00 187.00 OK
r-devel-windows-x86_64-new-TK 1.0.0 OK
r-devel-windows-x86_64-old 1.0.0 8.00 136.00 144.00 OK
r-patched-linux-x86_64 1.0.0 7.76 96.10 103.86 OK
r-patched-solaris-x86 1.0.0 99.90 OK
r-release-linux-x86_64 1.0.0 5.95 98.80 104.75 OK
r-release-macos-arm64 1.0.0 OK
r-release-macos-x86_64 1.0.0 OK
r-release-windows-ix86+x86_64 1.0.0 12.00 93.00 105.00 OK
r-oldrel-macos-x86_64 1.0.0 OK
r-oldrel-windows-ix86+x86_64 1.0.0 8.00 135.00 143.00 OK

Check Details

Version: 1.0.0
Check: Rd cross-references
Result: NOTE
    Undeclared packages ‘fastDummies’, ‘sjmisc’ in Rd xrefs
Flavor: r-devel-linux-x86_64-fedora-clang