CRAN Package Check Results for Package tidyhydat

Last updated on 2021-11-29 06:48:45 CET.

Flavor Version Tinstall Tcheck Ttotal Status Flags
r-devel-linux-x86_64-debian-clang 0.5.4 OK
r-devel-linux-x86_64-debian-gcc 0.5.4 6.14 87.23 93.37 OK
r-devel-linux-x86_64-fedora-clang 0.5.4 164.50 NOTE
r-devel-linux-x86_64-fedora-gcc 0.5.4 142.03 NOTE
r-devel-windows-x86_64-new-UL 0.5.4 24.00 180.00 204.00 OK
r-devel-windows-x86_64-new-TK 0.5.4 NOTE
r-devel-windows-x86_64-old 0.5.4 13.00 159.00 172.00 OK
r-patched-linux-x86_64 0.5.4 9.05 111.85 120.90 OK
r-patched-solaris-x86 0.5.4 170.50 NOTE
r-release-linux-x86_64 0.5.4 7.84 111.38 119.22 OK
r-release-macos-arm64 0.5.4 NOTE
r-release-macos-x86_64 0.5.4 NOTE
r-release-windows-ix86+x86_64 0.5.4 18.00 113.00 131.00 OK
r-oldrel-macos-x86_64 0.5.4 NOTE
r-oldrel-windows-ix86+x86_64 0.5.4 22.00 162.00 184.00 OK

Check Details

Version: 0.5.4
Check: data for non-ASCII characters
Result: NOTE
     Note: found 122 marked UTF-8 strings
Flavors: r-devel-linux-x86_64-fedora-clang, r-devel-linux-x86_64-fedora-gcc, r-devel-windows-x86_64-new-TK, r-patched-solaris-x86, r-release-macos-arm64, r-release-macos-x86_64, r-oldrel-macos-x86_64