CRAN Package Check Results for Package tidylo

Last updated on 2022-01-27 06:48:50 CET.

Flavor Version Tinstall Tcheck Ttotal Status Flags
r-devel-linux-x86_64-debian-clang 0.1.0 3.41 87.78 91.19 NOTE
r-devel-linux-x86_64-debian-gcc 0.1.0 3.13 64.14 67.27 NOTE
r-devel-linux-x86_64-fedora-clang 0.1.0 106.52 NOTE
r-devel-linux-x86_64-fedora-gcc 0.1.0 96.38 NOTE
r-devel-windows-x86_64-new-UL 0.1.0 13.00 106.00 119.00 NOTE
r-devel-windows-x86_64-new-TK 0.1.0 NOTE
r-patched-linux-x86_64 0.1.0 3.98 79.74 83.72 NOTE
r-release-linux-x86_64 0.1.0 3.40 77.92 81.32 NOTE
r-release-macos-arm64 0.1.0 NOTE
r-release-macos-x86_64 0.1.0 NOTE
r-release-windows-ix86+x86_64 0.1.0 10.00 97.00 107.00 NOTE
r-oldrel-macos-x86_64 0.1.0 OK
r-oldrel-windows-ix86+x86_64 0.1.0 11.00 102.00 113.00 OK

Check Details

Version: 0.1.0
Check: LazyData
Result: NOTE
     'LazyData' is specified without a 'data' directory
Flavors: r-devel-linux-x86_64-debian-clang, r-devel-linux-x86_64-debian-gcc, r-devel-linux-x86_64-fedora-clang, r-devel-linux-x86_64-fedora-gcc, r-devel-windows-x86_64-new-UL, r-devel-windows-x86_64-new-TK, r-patched-linux-x86_64, r-release-linux-x86_64, r-release-macos-arm64, r-release-macos-x86_64, r-release-windows-ix86+x86_64