CRAN Package Check Results for Package tidyr

Last updated on 2021-10-20 06:48:50 CEST.

Flavor Version Tinstall Tcheck Ttotal Status Flags
r-devel-linux-x86_64-debian-clang 1.1.4 14.91 92.89 107.80 OK
r-devel-linux-x86_64-debian-gcc 1.1.4 11.91 69.16 81.07 OK
r-devel-linux-x86_64-fedora-clang 1.1.4 142.12 NOTE
r-devel-linux-x86_64-fedora-gcc 1.1.4 129.56 NOTE
r-devel-windows-x86_64 1.1.4 26.00 107.00 133.00 OK
r-devel-windows-x86_64-gcc10-UCRT 1.1.4 NOTE
r-patched-linux-x86_64 1.1.4 16.70 94.92 111.62 OK
r-patched-solaris-x86 1.1.4 147.50 NOTE
r-release-linux-x86_64 1.1.4 16.37 95.77 112.14 OK
r-release-macos-arm64 1.1.4 NOTE
r-release-macos-x86_64 1.1.4 NOTE
r-release-windows-ix86+x86_64 1.1.4 44.00 163.00 207.00 OK
r-oldrel-macos-x86_64 1.1.4 NOTE
r-oldrel-windows-ix86+x86_64 1.1.4 44.00 164.00 208.00 OK

Check Details

Version: 1.1.4
Check: data for non-ASCII characters
Result: NOTE
     Note: found 24 marked UTF-8 strings
Flavors: r-devel-linux-x86_64-fedora-clang, r-devel-linux-x86_64-fedora-gcc, r-devel-windows-x86_64-gcc10-UCRT, r-patched-solaris-x86, r-release-macos-arm64, r-release-macos-x86_64, r-oldrel-macos-x86_64