Last updated on 2023-03-24 05:52:28 CET.
Flavor | Version | Tinstall | Tcheck | Ttotal | Status | Flags |
---|---|---|---|---|---|---|
r-devel-linux-x86_64-debian-clang | 0.2.2 | 10.24 | 116.25 | 126.49 | OK | |
r-devel-linux-x86_64-debian-gcc | 0.2.2 | 8.94 | 84.37 | 93.31 | OK | |
r-devel-linux-x86_64-fedora-clang | 0.2.2 | 172.60 | OK | |||
r-devel-linux-x86_64-fedora-gcc | 0.2.2 | 160.38 | OK | |||
r-patched-linux-x86_64 | 0.2.2 | 12.56 | 110.89 | 123.45 | OK | |
r-release-linux-x86_64 | 0.2.2 | 9.09 | 111.01 | 120.10 | OK | |
r-release-macos-arm64 | 0.2.2 | 45.00 | OK | |||
r-release-macos-x86_64 | 0.2.2 | 252.00 | NOTE | |||
r-release-windows-x86_64 | 0.2.2 | 56.00 | 209.00 | 265.00 | OK | |
r-oldrel-macos-arm64 | 0.2.2 | 41.00 | OK | |||
r-oldrel-macos-x86_64 | 0.2.2 | 66.00 | OK | |||
r-oldrel-windows-ix86+x86_64 | 0.2.2 | 24.00 | 196.00 | 220.00 | OK |
Version: 0.2.2
Check: package dependencies
Result: NOTE
Package which this enhances but not available for checking: ‘bartMachine’
Flavor: r-release-macos-x86_64