CRAN Package Check Results for Package timelineR

Last updated on 2022-05-18 06:50:56 CEST.

Flavor Version Tinstall Tcheck Ttotal Status Flags
r-devel-linux-x86_64-debian-clang 1.0.0 7.54 106.60 114.14 NOTE
r-devel-linux-x86_64-debian-gcc 1.0.0 5.10 77.79 82.89 NOTE
r-devel-linux-x86_64-fedora-clang 1.0.0 131.18 NOTE
r-devel-linux-x86_64-fedora-gcc 1.0.0 126.89 NOTE
r-devel-windows-x86_64 1.0.0 32.00 117.00 149.00 NOTE
r-patched-linux-x86_64 1.0.0 5.25 98.56 103.81 NOTE
r-release-linux-x86_64 1.0.0 5.49 95.95 101.44 NOTE
r-release-macos-arm64 1.0.0 42.00 NOTE
r-release-macos-x86_64 1.0.0 76.00 NOTE
r-release-windows-x86_64 1.0.0 24.00 115.00 139.00 NOTE
r-oldrel-macos-arm64 1.0.0 73.00 NOTE
r-oldrel-macos-x86_64 1.0.0 79.00 NOTE
r-oldrel-windows-ix86+x86_64 1.0.0 18.00 91.00 109.00 NOTE

Check Details

Version: 1.0.0
Check: LazyData
Result: NOTE
     'LazyData' is specified without a 'data' directory
Flavors: r-devel-linux-x86_64-debian-clang, r-devel-linux-x86_64-debian-gcc, r-devel-linux-x86_64-fedora-clang, r-devel-linux-x86_64-fedora-gcc, r-devel-windows-x86_64, r-patched-linux-x86_64, r-release-linux-x86_64, r-release-macos-arm64, r-release-macos-x86_64, r-release-windows-x86_64, r-oldrel-macos-arm64, r-oldrel-macos-x86_64, r-oldrel-windows-ix86+x86_64