CRAN Package Check Results for Package timeseriesdb

Last updated on 2020-10-20 06:47:00 CEST.

Flavor Version Tinstall Tcheck Ttotal Status Flags
r-devel-linux-x86_64-debian-clang 0.4.1 5.31 52.92 58.23 OK
r-devel-linux-x86_64-debian-gcc 0.4.1 4.69 39.54 44.23 OK
r-devel-linux-x86_64-fedora-clang 0.4.1 77.17 NOTE
r-devel-linux-x86_64-fedora-gcc 0.4.1 66.08 NOTE
r-devel-windows-ix86+x86_64 0.4.1 10.00 54.00 64.00 OK
r-patched-linux-x86_64 0.4.1 5.74 48.16 53.90 OK
r-patched-solaris-x86 0.4.1 101.90 NOTE
r-release-linux-x86_64 0.4.1 5.30 47.91 53.21 OK
r-release-macos-x86_64 0.4.1 NOTE
r-release-windows-ix86+x86_64 0.4.1 11.00 58.00 69.00 OK
r-oldrel-macos-x86_64 0.4.1 NOTE
r-oldrel-windows-ix86+x86_64 0.4.1 8.00 70.00 78.00 OK

Check Details

Version: 0.4.1
Check: dependencies in R code
Result: NOTE
    Namespace in Imports field not imported from: ‘shiny’
     All declared Imports should be used.
Flavors: r-devel-linux-x86_64-fedora-clang, r-devel-linux-x86_64-fedora-gcc, r-patched-solaris-x86, r-release-macos-x86_64, r-oldrel-macos-x86_64