CRAN Package Check Results for Package timeseriesdb

Last updated on 2021-01-27 06:48:37 CET.

Flavor Version Tinstall Tcheck Ttotal Status Flags
r-devel-linux-x86_64-debian-clang 0.4.1 5.56 53.20 58.76 OK
r-devel-linux-x86_64-debian-gcc 0.4.1 4.37 40.66 45.03 OK
r-devel-linux-x86_64-fedora-clang 0.4.1 76.86 NOTE
r-devel-linux-x86_64-fedora-gcc 0.4.1 68.76 NOTE
r-devel-windows-ix86+x86_64 0.4.1 12.00 72.00 84.00 OK
r-patched-linux-x86_64 0.4.1 5.07 49.10 54.17 OK
r-patched-solaris-x86 0.4.1 100.30 NOTE
r-release-linux-x86_64 0.4.1 4.98 50.04 55.02 OK
r-release-macos-x86_64 0.4.1 NOTE
r-release-windows-ix86+x86_64 0.4.1 13.00 55.00 68.00 OK
r-oldrel-macos-x86_64 0.4.1 NOTE
r-oldrel-windows-ix86+x86_64 0.4.1 9.00 67.00 76.00 OK

Check Details

Version: 0.4.1
Check: dependencies in R code
Result: NOTE
    Namespace in Imports field not imported from: ‘shiny’
     All declared Imports should be used.
Flavors: r-devel-linux-x86_64-fedora-clang, r-devel-linux-x86_64-fedora-gcc, r-patched-solaris-x86, r-release-macos-x86_64, r-oldrel-macos-x86_64