Last updated on 2023-03-24 05:52:28 CET.
Flavor | Version | Tinstall | Tcheck | Ttotal | Status | Flags |
---|---|---|---|---|---|---|
r-devel-linux-x86_64-debian-clang | 0.0.4 | 4.43 | 42.86 | 47.29 | OK | |
r-devel-linux-x86_64-debian-gcc | 0.0.4 | 3.63 | 96.08 | 99.71 | OK | |
r-devel-linux-x86_64-fedora-clang | 0.0.4 | 174.37 | OK | |||
r-devel-linux-x86_64-fedora-gcc | 0.0.4 | 114.93 | OK | |||
r-patched-linux-x86_64 | 0.0.4 | 5.13 | 183.09 | 188.22 | OK | |
r-release-linux-x86_64 | 0.0.4 | 4.67 | 72.07 | 76.74 | OK | |
r-release-macos-arm64 | 0.0.4 | 221.00 | OK | |||
r-release-macos-x86_64 | 0.0.4 | 97.00 | OK | |||
r-release-windows-x86_64 | 0.0.4 | 42.00 | 113.00 | 155.00 | OK | |
r-oldrel-macos-arm64 | 0.0.4 | 341.00 | OK | |||
r-oldrel-macos-x86_64 | 0.0.4 | 347.00 | OK | |||
r-oldrel-windows-ix86+x86_64 | 0.0.4 | 9.00 | 110.00 | 119.00 | NOTE |
Version: 0.0.4
Check: dependencies in R code
Result: NOTE
Initiating curl with CURL_SSL_BACKEND: openssl
Flavor: r-oldrel-windows-ix86+x86_64