Last updated on 2022-05-20 06:51:11 CEST.
Flavor | Version | Tinstall | Tcheck | Ttotal | Status | Flags |
---|---|---|---|---|---|---|
r-devel-linux-x86_64-debian-clang | 0.0-26 | 3.04 | 32.94 | 35.98 | NOTE | |
r-devel-linux-x86_64-debian-gcc | 0.0-26 | 2.50 | 26.31 | 28.81 | NOTE | |
r-devel-linux-x86_64-fedora-clang | 0.0-26 | 46.39 | NOTE | |||
r-devel-linux-x86_64-fedora-gcc | 0.0-26 | 45.57 | NOTE | |||
r-devel-windows-x86_64 | 0.0-26 | 13.00 | 54.00 | 67.00 | OK | |
r-patched-linux-x86_64 | 0.0-26 | 3.59 | 32.69 | 36.28 | NOTE | |
r-release-linux-x86_64 | 0.0-26 | 3.32 | 32.96 | 36.28 | NOTE | |
r-release-macos-arm64 | 0.0-26 | 21.00 | OK | |||
r-release-macos-x86_64 | 0.0-26 | 29.00 | OK | |||
r-release-windows-x86_64 | 0.0-26 | 8.00 | 50.00 | 58.00 | OK | |
r-oldrel-macos-arm64 | 0.0-26 | 32.00 | OK | |||
r-oldrel-macos-x86_64 | 0.0-26 | 26.00 | OK | |||
r-oldrel-windows-ix86+x86_64 | 0.0-26 | 11.00 | 50.00 | 61.00 | OK |
Version: 0.0-26
Check: R code for possible problems
Result: NOTE
Found an obsolete/platform-specific call in the following function:
'.my.tkdev'
Found the platform-specific device:
'X11'
dev.new() is the preferred way to open a new device, in the unlikely
event one is needed.
Flavors: r-devel-linux-x86_64-debian-clang, r-devel-linux-x86_64-debian-gcc, r-devel-linux-x86_64-fedora-clang, r-devel-linux-x86_64-fedora-gcc, r-patched-linux-x86_64, r-release-linux-x86_64