Last updated on 2022-07-05 07:51:08 CEST.
Flavor | Version | Tinstall | Tcheck | Ttotal | Status | Flags |
---|---|---|---|---|---|---|
r-devel-linux-x86_64-debian-clang | 3.1-1 | 8.08 | 114.82 | 122.90 | NOTE | |
r-devel-linux-x86_64-debian-gcc | 3.1-1 | 6.48 | 85.68 | 92.16 | NOTE | |
r-devel-linux-x86_64-fedora-clang | 3.1-1 | 152.50 | NOTE | |||
r-devel-linux-x86_64-fedora-gcc | 3.1-1 | 149.87 | NOTE | |||
r-devel-windows-x86_64 | 3.1-1 | 30.00 | 136.00 | 166.00 | NOTE | |
r-patched-linux-x86_64 | 3.1-1 | 9.38 | 110.05 | 119.43 | NOTE | |
r-release-linux-x86_64 | 3.1-1 | 6.65 | 108.70 | 115.35 | NOTE | |
r-release-macos-arm64 | 3.1-1 | 49.00 | NOTE | |||
r-release-macos-x86_64 | 3.1-1 | 90.00 | NOTE | |||
r-release-windows-x86_64 | 3.1-1 | 24.00 | 130.00 | 154.00 | NOTE | |
r-oldrel-macos-arm64 | 3.1-1 | 51.00 | NOTE | |||
r-oldrel-macos-x86_64 | 3.1-1 | 70.00 | NOTE | |||
r-oldrel-windows-ix86+x86_64 | 3.1-1 | 23.00 | 134.00 | 157.00 | NOTE |
Version: 3.1-1
Check: LazyData
Result: NOTE
'LazyData' is specified without a 'data' directory
Flavors: r-devel-linux-x86_64-debian-clang, r-devel-linux-x86_64-debian-gcc, r-devel-linux-x86_64-fedora-clang, r-devel-linux-x86_64-fedora-gcc, r-devel-windows-x86_64, r-patched-linux-x86_64, r-release-linux-x86_64, r-release-macos-arm64, r-release-macos-x86_64, r-release-windows-x86_64, r-oldrel-macos-arm64, r-oldrel-macos-x86_64, r-oldrel-windows-ix86+x86_64
Version: 3.1-1
Check: Rd cross-references
Result: NOTE
Undeclared package ‘sp’ in Rd xrefs
Flavor: r-devel-linux-x86_64-fedora-clang
Version: 3.1-1
Check: package dependencies
Result: NOTE
Package suggested but not available for checking: ‘OpenStreetMap’
Flavor: r-release-macos-x86_64
Version: 3.1-1
Check: Rd cross-references
Result: NOTE
Package unavailable to check Rd xrefs: ‘OpenStreetMap’
Flavor: r-release-macos-x86_64