CRAN Package Check Results for Package togglr

Last updated on 2022-10-01 07:08:12 CEST.

Flavor Version Tinstall Tcheck Ttotal Status Flags
r-devel-linux-x86_64-debian-clang 0.1.99 6.29 64.28 70.57 OK
r-devel-linux-x86_64-debian-gcc 0.1.99 6.24 48.27 54.51 OK
r-devel-linux-x86_64-fedora-clang 0.1.99 101.39 NOTE
r-devel-linux-x86_64-fedora-gcc 0.1.99 93.58 NOTE
r-devel-windows-x86_64 0.1.99 24.00 105.00 129.00 OK
r-patched-linux-x86_64 0.1.99 6.73 58.25 64.98 OK
r-release-linux-x86_64 0.1.99 7.23 57.95 65.18 OK
r-release-macos-arm64 0.1.99 29.00 NOTE
r-release-macos-x86_64 0.1.99 41.00 NOTE
r-release-windows-x86_64 0.1.99 23.00 105.00 128.00 OK
r-oldrel-macos-arm64 0.1.99 27.00 NOTE
r-oldrel-macos-x86_64 0.1.99 42.00 NOTE
r-oldrel-windows-ix86+x86_64 0.1.99 18.00 84.00 102.00 OK

Check Details

Version: 0.1.99
Check: dependencies in R code
Result: NOTE
    Namespace in Imports field not imported from: ‘memoise’
     All declared Imports should be used.
Flavors: r-devel-linux-x86_64-fedora-clang, r-devel-linux-x86_64-fedora-gcc, r-release-macos-arm64, r-release-macos-x86_64, r-oldrel-macos-arm64, r-oldrel-macos-x86_64