Last updated on 2022-07-02 07:07:13 CEST.
Flavor | Version | Tinstall | Tcheck | Ttotal | Status | Flags |
---|---|---|---|---|---|---|
r-devel-linux-x86_64-debian-clang | 0.1.0 | 3.03 | 111.73 | 114.76 | NOTE | |
r-devel-linux-x86_64-debian-gcc | 0.1.0 | 2.44 | 77.79 | 80.23 | NOTE | |
r-devel-linux-x86_64-fedora-clang | 0.1.0 | 153.19 | NOTE | |||
r-devel-linux-x86_64-fedora-gcc | 0.1.0 | 158.59 | NOTE | |||
r-devel-windows-x86_64 | 0.1.0 | 23.00 | 173.00 | 196.00 | NOTE | |
r-patched-linux-x86_64 | 0.1.0 | 3.72 | 115.37 | 119.09 | NOTE | |
r-release-linux-x86_64 | 0.1.0 | 3.80 | 115.53 | 119.33 | NOTE | |
r-release-macos-arm64 | 0.1.0 | 56.00 | NOTE | |||
r-release-macos-x86_64 | 0.1.0 | 79.00 | NOTE | |||
r-release-windows-x86_64 | 0.1.0 | 21.00 | 175.00 | 196.00 | NOTE | |
r-oldrel-macos-arm64 | 0.1.0 | 73.00 | NOTE | |||
r-oldrel-macos-x86_64 | 0.1.0 | 116.00 | NOTE | |||
r-oldrel-windows-ix86+x86_64 | 0.1.0 | 10.00 | 187.00 | 197.00 | NOTE |
Version: 0.1.0
Check: LazyData
Result: NOTE
'LazyData' is specified without a 'data' directory
Flavors: r-devel-linux-x86_64-debian-clang, r-devel-linux-x86_64-debian-gcc, r-devel-linux-x86_64-fedora-clang, r-devel-linux-x86_64-fedora-gcc, r-devel-windows-x86_64, r-patched-linux-x86_64, r-release-linux-x86_64, r-release-macos-arm64, r-release-macos-x86_64, r-release-windows-x86_64, r-oldrel-macos-arm64, r-oldrel-macos-x86_64, r-oldrel-windows-ix86+x86_64
Version: 0.1.0
Check: Rd cross-references
Result: NOTE
Undeclared package ‘stm’ in Rd xrefs
Flavor: r-devel-linux-x86_64-fedora-clang