Last updated on 2022-05-29 06:51:45 CEST.
Flavor | Version | Tinstall | Tcheck | Ttotal | Status | Flags |
---|---|---|---|---|---|---|
r-devel-linux-x86_64-debian-clang | 0.3-2 | 10.06 | 116.33 | 126.39 | NOTE | |
r-devel-linux-x86_64-debian-gcc | 0.3-2 | 9.17 | 86.24 | 95.41 | NOTE | |
r-devel-linux-x86_64-fedora-clang | 0.3-2 | 149.26 | NOTE | |||
r-devel-linux-x86_64-fedora-gcc | 0.3-2 | 133.37 | NOTE | |||
r-devel-windows-x86_64 | 0.3-2 | 50.00 | 159.00 | 209.00 | NOTE | |
r-patched-linux-x86_64 | 0.3-2 | 15.17 | 110.03 | 125.20 | NOTE | |
r-release-linux-x86_64 | 0.3-2 | 9.11 | 111.46 | 120.57 | NOTE | |
r-release-macos-arm64 | 0.3-2 | 77.00 | NOTE | |||
r-release-macos-x86_64 | 0.3-2 | 91.00 | NOTE | |||
r-release-windows-x86_64 | 0.3-2 | 52.00 | 166.00 | 218.00 | NOTE | |
r-oldrel-macos-arm64 | 0.3-2 | 67.00 | NOTE | |||
r-oldrel-macos-x86_64 | 0.3-2 | 87.00 | NOTE | |||
r-oldrel-windows-ix86+x86_64 | 0.3-2 | 20.00 | 164.00 | 184.00 | NOTE |
Version: 0.3-2
Check: package dependencies
Result: NOTE
Package suggested but not available for checking: 'toscaData'
Flavors: r-devel-linux-x86_64-debian-clang, r-devel-linux-x86_64-debian-gcc, r-devel-linux-x86_64-fedora-clang, r-devel-linux-x86_64-fedora-gcc, r-devel-windows-x86_64, r-patched-linux-x86_64, r-release-linux-x86_64, r-release-macos-arm64, r-release-macos-x86_64, r-release-windows-x86_64, r-oldrel-macos-arm64, r-oldrel-macos-x86_64, r-oldrel-windows-ix86+x86_64