CRAN Package Check Results for Package tosca

Last updated on 2022-10-06 06:49:50 CEST.

Flavor Version Tinstall Tcheck Ttotal Status Flags
r-devel-linux-x86_64-debian-clang 0.3-2 10.95 109.96 120.91 NOTE
r-devel-linux-x86_64-debian-gcc 0.3-2 9.15 80.73 89.88 NOTE
r-devel-linux-x86_64-fedora-clang 0.3-2 163.67 NOTE
r-devel-linux-x86_64-fedora-gcc 0.3-2 149.59 NOTE
r-devel-windows-x86_64 0.3-2 41.00 157.00 198.00 NOTE
r-patched-linux-x86_64 0.3-2 15.11 102.17 117.28 NOTE
r-release-linux-x86_64 0.3-2 9.82 100.59 110.41 NOTE
r-release-macos-arm64 0.3-2 77.00 NOTE
r-release-macos-x86_64 0.3-2 91.00 NOTE
r-release-windows-x86_64 0.3-2 56.00 161.00 217.00 NOTE
r-oldrel-macos-arm64 0.3-2 67.00 NOTE
r-oldrel-macos-x86_64 0.3-2 87.00 NOTE
r-oldrel-windows-ix86+x86_64 0.3-2 21.00 164.00 185.00 NOTE

Check Details

Version: 0.3-2
Check: package dependencies
Result: NOTE
    Package suggested but not available for checking: 'toscaData'
Flavors: r-devel-linux-x86_64-debian-clang, r-devel-linux-x86_64-debian-gcc, r-devel-linux-x86_64-fedora-clang, r-devel-linux-x86_64-fedora-gcc, r-devel-windows-x86_64, r-patched-linux-x86_64, r-release-linux-x86_64, r-release-macos-arm64, r-release-macos-x86_64, r-release-windows-x86_64, r-oldrel-macos-arm64, r-oldrel-macos-x86_64, r-oldrel-windows-ix86+x86_64