CRAN Package Check Results for Package touchard

Last updated on 2022-08-17 06:51:31 CEST.

Flavor Version Tinstall Tcheck Ttotal Status Flags
r-devel-linux-x86_64-debian-clang 2.0.1 4.81 47.06 51.87 OK
r-devel-linux-x86_64-debian-gcc 2.0.1 OK
r-devel-linux-x86_64-fedora-clang 2.0.1 72.09 NOTE
r-devel-linux-x86_64-fedora-gcc 2.0.1 74.53 OK
r-devel-windows-x86_64 2.0.1 24.00 71.00 95.00 OK
r-patched-linux-x86_64 2.0.1 3.18 44.23 47.41 OK
r-release-linux-x86_64 2.0.1 3.22 45.35 48.57 OK
r-release-macos-arm64 2.0.1 20.00 OK
r-release-macos-x86_64 2.0.1 28.00 OK
r-release-windows-x86_64 2.0.1 24.00 78.00 102.00 OK
r-oldrel-macos-arm64 2.0.1 26.00 OK
r-oldrel-macos-x86_64 2.0.1 35.00 OK
r-oldrel-windows-ix86+x86_64 2.0.1 8.00 67.00 75.00 OK

Check Details

Version: 2.0.1
Check: Rd cross-references
Result: NOTE
    Undeclared package ‘vcd’ in Rd xrefs
Flavor: r-devel-linux-x86_64-fedora-clang