CRAN Package Check Results for Package trackdem

Last updated on 2024-02-23 06:50:44 CET.

Flavor Version Tinstall Tcheck Ttotal Status Flags
r-devel-linux-x86_64-debian-clang 0.6 FAIL
r-devel-linux-x86_64-debian-gcc 0.6 113.81 49.25 163.06 OK
r-devel-linux-x86_64-fedora-clang 0.6 323.66 OK
r-devel-linux-x86_64-fedora-gcc 0.6 320.09 OK
r-devel-windows-x86_64 0.6 114.00 97.00 211.00 OK
r-patched-linux-x86_64 0.6 146.46 63.92 210.38 OK
r-release-linux-x86_64 0.6 149.54 65.03 214.57 OK
r-release-macos-arm64 0.6 75.00 OK
r-release-macos-x86_64 0.6 132.00 OK
r-release-windows-x86_64 0.6 140.00 108.00 248.00 OK
r-oldrel-macos-arm64 0.6 63.00 OK
r-oldrel-windows-x86_64 0.6 134.00 104.00 238.00 OK

Check Details

Version: 0.6
Check: package dependencies
Result: FAIL
Flavor: r-devel-linux-x86_64-debian-clang