CRAN Package Check Results for Package traineR

Last updated on 2021-01-16 06:51:25 CET.

Flavor Version Tinstall Tcheck Ttotal Status Flags
r-devel-linux-x86_64-debian-clang 1.0.1 9.16 93.97 103.13 OK
r-devel-linux-x86_64-debian-gcc 1.0.1 8.54 72.91 81.45 OK
r-devel-linux-x86_64-fedora-clang 1.0.1 131.23 OK
r-devel-linux-x86_64-fedora-gcc 1.0.1 120.84 OK
r-devel-windows-ix86+x86_64 1.0.1 19.00 117.00 136.00 OK
r-patched-linux-x86_64 1.0.1 9.15 86.58 95.73 OK
r-patched-solaris-x86 1.0.1 5.20 ERROR
r-release-linux-x86_64 1.0.1 9.49 89.06 98.55 OK
r-release-macos-x86_64 1.0.1 OK
r-release-windows-ix86+x86_64 1.0.1 19.00 87.00 106.00 OK
r-oldrel-macos-x86_64 1.0.1 OK
r-oldrel-windows-ix86+x86_64 1.0.1 21.00 110.00 131.00 OK

Check Details

Version: 1.0.1
Check: package dependencies
Result: ERROR
    Package required but not available: ‘xgboost’
    
    See section ‘The DESCRIPTION file’ in the ‘Writing R Extensions’
    manual.
Flavor: r-patched-solaris-x86