Last updated on 2022-07-04 06:51:39 CEST.
Flavor | Version | Tinstall | Tcheck | Ttotal | Status | Flags |
---|---|---|---|---|---|---|
r-devel-linux-x86_64-debian-clang | 1.2.2 | 13.03 | 89.66 | 102.69 | NOTE | |
r-devel-linux-x86_64-debian-gcc | 1.2.2 | 9.94 | 68.44 | 78.38 | NOTE | |
r-devel-linux-x86_64-fedora-clang | 1.2.2 | 132.21 | NOTE | |||
r-devel-linux-x86_64-fedora-gcc | 1.2.2 | 132.93 | NOTE | |||
r-devel-windows-x86_64 | 1.2.2 | 32.00 | 109.00 | 141.00 | NOTE | |
r-patched-linux-x86_64 | 1.2.2 | 13.22 | 86.68 | 99.90 | NOTE | |
r-release-linux-x86_64 | 1.2.2 | 12.16 | 88.00 | 100.16 | NOTE | |
r-release-macos-arm64 | 1.2.2 | 37.00 | NOTE | |||
r-release-macos-x86_64 | 1.2.2 | 54.00 | NOTE | |||
r-release-windows-x86_64 | 1.2.2 | 32.00 | 115.00 | 147.00 | NOTE | |
r-oldrel-macos-arm64 | 1.2.2 | 47.00 | NOTE | |||
r-oldrel-macos-x86_64 | 1.2.2 | 74.00 | NOTE | |||
r-oldrel-windows-ix86+x86_64 | 1.2.2 | 28.00 | 147.00 | 175.00 | NOTE |
Version: 1.2.2
Check: LazyData
Result: NOTE
'LazyData' is specified without a 'data' directory
Flavors: r-devel-linux-x86_64-debian-clang, r-devel-linux-x86_64-debian-gcc, r-devel-linux-x86_64-fedora-clang, r-devel-linux-x86_64-fedora-gcc, r-devel-windows-x86_64, r-patched-linux-x86_64, r-release-linux-x86_64, r-release-macos-arm64, r-release-macos-x86_64, r-release-windows-x86_64, r-oldrel-macos-arm64, r-oldrel-macos-x86_64, r-oldrel-windows-ix86+x86_64