CRAN Package Check Results for Package transmdl

Last updated on 2023-01-28 07:15:10 CET.

Flavor Version Tinstall Tcheck Ttotal Status Flags
r-devel-linux-x86_64-debian-clang 0.1.0 52.11 39.16 91.27 OK
r-devel-linux-x86_64-debian-gcc 0.1.0 41.20 31.04 72.24 OK
r-devel-linux-x86_64-fedora-clang 0.1.0 131.12 OK
r-devel-linux-x86_64-fedora-gcc 0.1.0 114.92 OK
r-patched-linux-x86_64 0.1.0 44.14 39.19 83.33 OK
r-release-linux-x86_64 0.1.0 46.00 38.73 84.73 OK
r-release-macos-arm64 0.1.0 36.00 NOTE
r-release-macos-x86_64 0.1.0 46.00 NOTE
r-release-windows-x86_64 0.1.0 45.00 89.00 134.00 OK
r-oldrel-macos-arm64 0.1.0 37.00 NOTE
r-oldrel-macos-x86_64 0.1.0 44.00 NOTE
r-oldrel-windows-ix86+x86_64 0.1.0 123.00 92.00 215.00 OK

Check Details

Version: 0.1.0
Check: installed package size
Result: NOTE
     installed size is 8.3Mb
     sub-directories of 1Mb or more:
     libs 8.2Mb
Flavors: r-release-macos-arm64, r-release-macos-x86_64, r-oldrel-macos-arm64, r-oldrel-macos-x86_64