Last updated on 2025-01-19 06:48:37 CET.
Flavor | Version | Tinstall | Tcheck | Ttotal | Status | Flags |
---|---|---|---|---|---|---|
r-devel-linux-x86_64-debian-clang | 0.1.0 | 31.92 | 30.38 | 62.30 | OK | |
r-devel-linux-x86_64-debian-gcc | 0.1.0 | 22.01 | 24.52 | 46.53 | OK | |
r-devel-linux-x86_64-fedora-clang | 0.1.0 | 123.70 | OK | |||
r-devel-linux-x86_64-fedora-gcc | 0.1.0 | 115.44 | OK | |||
r-devel-windows-x86_64 | 0.1.0 | 34.00 | 79.00 | 113.00 | OK | |
r-patched-linux-x86_64 | 0.1.0 | 29.30 | 30.33 | 59.63 | OK | |
r-release-linux-x86_64 | 0.1.0 | 30.10 | 30.20 | 60.30 | OK | |
r-release-macos-arm64 | 0.1.0 | 34.00 | NOTE | |||
r-release-macos-x86_64 | 0.1.0 | 41.00 | NOTE | |||
r-release-windows-x86_64 | 0.1.0 | 34.00 | 66.00 | 100.00 | OK | |
r-oldrel-macos-arm64 | 0.1.0 | 39.00 | NOTE | |||
r-oldrel-macos-x86_64 | 0.1.0 | 57.00 | NOTE | |||
r-oldrel-windows-x86_64 | 0.1.0 | 42.00 | 76.00 | 118.00 | OK |
Version: 0.1.0
Check: installed package size
Result: NOTE
installed size is 7.9Mb
sub-directories of 1Mb or more:
libs 7.8Mb
Flavors: r-release-macos-arm64, r-release-macos-x86_64, r-oldrel-macos-arm64, r-oldrel-macos-x86_64