CRAN Package Check Results for Package treespace

Last updated on 2021-04-21 06:47:59 CEST.

Flavor Version Tinstall Tcheck Ttotal Status Flags
r-devel-linux-x86_64-debian-clang 1.1.4.1 50.56 287.58 338.14 OK
r-devel-linux-x86_64-debian-gcc 1.1.4.1 36.26 218.64 254.90 OK
r-devel-linux-x86_64-fedora-clang 1.1.4.1 409.13 OK
r-devel-linux-x86_64-fedora-gcc 1.1.4.1 398.23 OK
r-devel-windows-ix86+x86_64 1.1.4.1 83.00 338.00 421.00 OK
r-devel-windows-x86_64-gcc10-UCRT 1.1.4.1 ERROR
r-patched-linux-x86_64 1.1.4.1 43.89 264.26 308.15 OK
r-patched-solaris-x86 1.1.4.1 544.50 OK
r-release-linux-x86_64 1.1.4.1 41.50 263.79 305.29 OK
r-release-macos-x86_64 1.1.4.1 OK
r-release-windows-ix86+x86_64 1.1.4.1 107.00 471.00 578.00 OK
r-oldrel-macos-x86_64 1.1.4.1 WARN
r-oldrel-windows-ix86+x86_64 1.1.4.1 97.00 408.00 505.00 OK

Check Details

Version: 1.1.4.1
Check: package dependencies
Result: ERROR
    Package required but not available: 'rgl'
    
    See section 'The DESCRIPTION file' in the 'Writing R Extensions'
    manual.
Flavor: r-devel-windows-x86_64-gcc10-UCRT

Version: 1.1.4.1
Check: whether package can be installed
Result: WARN
    Found the following significant warnings:
     Warning: 'rgl.init' failed, running with 'rgl.useNULL = TRUE'.
Flavor: r-oldrel-macos-x86_64