CRAN Package Check Results for Package tremendousr

Last updated on 2024-06-24 06:49:24 CEST.

Flavor Version Tinstall Tcheck Ttotal Status Flags
r-devel-linux-x86_64-debian-clang 1.0.0 2.68 32.22 34.90 OK
r-devel-linux-x86_64-debian-gcc 1.0.0 2.45 24.60 27.05 OK
r-devel-linux-x86_64-fedora-clang 1.0.0 45.49 NOTE
r-devel-linux-x86_64-fedora-gcc 1.0.0 56.42 NOTE
r-devel-windows-x86_64 1.0.0 4.00 48.00 52.00 OK
r-patched-linux-x86_64 1.0.0 3.24 31.04 34.28 OK
r-release-linux-x86_64 1.0.0 2.73 30.74 33.47 OK
r-release-macos-arm64 1.0.0 22.00 OK
r-release-macos-x86_64 1.0.0 39.00 OK
r-release-windows-x86_64 1.0.0 4.00 49.00 53.00 OK
r-oldrel-macos-arm64 1.0.0 25.00 OK
r-oldrel-macos-x86_64 1.0.0 36.00 OK
r-oldrel-windows-x86_64 1.0.0 4.00 48.00 52.00 OK

Check Details

Version: 1.0.0
Check: dependencies in R code
Result: NOTE Namespace in Imports field not imported from: ‘crul’ All declared Imports should be used. Flavors: r-devel-linux-x86_64-fedora-clang, r-devel-linux-x86_64-fedora-gcc