Last updated on 2021-01-19 06:51:19 CET.
Flavor | Version | Tinstall | Tcheck | Ttotal | Status | Flags |
---|---|---|---|---|---|---|
r-devel-linux-x86_64-debian-clang | 1.2 | 6.98 | 37.31 | 44.29 | NOTE | |
r-devel-linux-x86_64-debian-gcc | 1.2 | 5.60 | 30.25 | 35.85 | NOTE | |
r-devel-linux-x86_64-fedora-clang | 1.2 | 67.44 | NOTE | |||
r-devel-linux-x86_64-fedora-gcc | 1.2 | 55.70 | NOTE | |||
r-devel-windows-ix86+x86_64 | 1.2 | 17.00 | 77.00 | 94.00 | NOTE | |
r-patched-linux-x86_64 | 1.2 | 5.91 | 37.61 | 43.52 | NOTE | |
r-patched-solaris-x86 | 1.2 | 103.50 | NOTE | |||
r-release-linux-x86_64 | 1.2 | 6.15 | 37.79 | 43.94 | NOTE | |
r-release-macos-x86_64 | 1.2 | NOTE | ||||
r-release-windows-ix86+x86_64 | 1.2 | 18.00 | 75.00 | 93.00 | NOTE | |
r-oldrel-macos-x86_64 | 1.2 | NOTE | ||||
r-oldrel-windows-ix86+x86_64 | 1.2 | 16.00 | 68.00 | 84.00 | NOTE |
Version: 1.2
Check: R code for possible problems
Result: NOTE
cinbag: no visible global function definition for 'var'
trimTrees: no visible global function definition for 'predict'
Undefined global functions or variables:
predict var
Consider adding
importFrom("stats", "predict", "var")
to your NAMESPACE file.
Flavors: r-devel-linux-x86_64-debian-clang, r-devel-linux-x86_64-debian-gcc, r-devel-linux-x86_64-fedora-clang, r-devel-linux-x86_64-fedora-gcc, r-devel-windows-ix86+x86_64, r-patched-linux-x86_64, r-patched-solaris-x86, r-release-linux-x86_64, r-release-macos-x86_64, r-release-windows-ix86+x86_64, r-oldrel-macos-x86_64, r-oldrel-windows-ix86+x86_64
Version: 1.2
Check: compiled code
Result: NOTE
File ‘trimTrees/libs/trimTrees.so’:
Found no calls to: ‘R_registerRoutines’, ‘R_useDynamicSymbols’
It is good practice to register native routines and to disable symbol
search.
See ‘Writing portable packages’ in the ‘Writing R Extensions’ manual.
Flavors: r-devel-linux-x86_64-fedora-clang, r-devel-linux-x86_64-fedora-gcc