CRAN Package Check Results for Package troopdata

Last updated on 2021-12-03 06:49:21 CET.

Flavor Version Tinstall Tcheck Ttotal Status Flags
r-devel-linux-x86_64-debian-clang 0.1.4 2.73 25.25 27.98 OK
r-devel-linux-x86_64-debian-gcc 0.1.4 1.93 20.10 22.03 OK
r-devel-linux-x86_64-fedora-clang 0.1.4 46.58 NOTE
r-devel-linux-x86_64-fedora-gcc 0.1.4 34.70 NOTE
r-devel-windows-x86_64-new-UL 0.1.4 9.00 61.00 70.00 OK
r-devel-windows-x86_64-new-TK 0.1.4 NOTE
r-devel-windows-x86_64-old 0.1.4 5.00 31.00 36.00 OK
r-patched-linux-x86_64 0.1.4 2.56 24.25 26.81 OK
r-patched-solaris-x86 0.1.4 55.90 NOTE
r-release-linux-x86_64 0.1.4 2.46 24.06 26.52 OK
r-release-macos-arm64 0.1.4 NOTE
r-release-macos-x86_64 0.1.4 NOTE
r-release-windows-ix86+x86_64 0.1.4 6.00 41.00 47.00 OK
r-oldrel-macos-x86_64 0.1.4 NOTE
r-oldrel-windows-ix86+x86_64 0.1.4 7.00 48.00 55.00 OK

Check Details

Version: 0.1.4
Check: dependencies in R code
Result: NOTE
    Namespace in Imports field not imported from: ‘tibble’
     All declared Imports should be used.
Flavors: r-devel-linux-x86_64-fedora-clang, r-devel-linux-x86_64-fedora-gcc, r-devel-windows-x86_64-new-TK, r-patched-solaris-x86, r-release-macos-arm64, r-release-macos-x86_64, r-oldrel-macos-x86_64

Version: 0.1.4
Check: data for non-ASCII characters
Result: NOTE
     Note: found 118 marked UTF-8 strings
Flavors: r-devel-linux-x86_64-fedora-clang, r-devel-linux-x86_64-fedora-gcc, r-devel-windows-x86_64-new-TK, r-patched-solaris-x86, r-release-macos-arm64, r-release-macos-x86_64, r-oldrel-macos-x86_64