Last updated on 2023-03-24 05:52:29 CET.
Flavor | Version | Tinstall | Tcheck | Ttotal | Status | Flags |
---|---|---|---|---|---|---|
r-devel-linux-x86_64-debian-clang | 0.1.5 | 3.30 | 29.79 | 33.09 | OK | |
r-devel-linux-x86_64-debian-gcc | 0.1.5 | 2.73 | 23.92 | 26.65 | OK | |
r-devel-linux-x86_64-fedora-clang | 0.1.5 | 42.59 | NOTE | |||
r-devel-linux-x86_64-fedora-gcc | 0.1.5 | 40.05 | NOTE | |||
r-patched-linux-x86_64 | 0.1.5 | 2.90 | 31.40 | 34.30 | OK | |
r-release-linux-x86_64 | 0.1.5 | 2.15 | 31.10 | 33.25 | OK | |
r-release-macos-arm64 | 0.1.5 | 17.00 | NOTE | |||
r-release-macos-x86_64 | 0.1.5 | 31.00 | NOTE | |||
r-release-windows-x86_64 | 0.1.5 | 31.00 | 63.00 | 94.00 | OK | |
r-oldrel-macos-arm64 | 0.1.5 | 20.00 | NOTE | |||
r-oldrel-macos-x86_64 | 0.1.5 | 23.00 | NOTE | |||
r-oldrel-windows-ix86+x86_64 | 0.1.5 | 9.00 | 56.00 | 65.00 | OK |
Version: 0.1.5
Check: dependencies in R code
Result: NOTE
Namespace in Imports field not imported from: ‘tibble’
All declared Imports should be used.
Flavors: r-devel-linux-x86_64-fedora-clang, r-devel-linux-x86_64-fedora-gcc, r-release-macos-arm64, r-release-macos-x86_64, r-oldrel-macos-arm64, r-oldrel-macos-x86_64
Version: 0.1.5
Check: data for non-ASCII characters
Result: NOTE
Note: found 1 marked UTF-8 string
Flavors: r-devel-linux-x86_64-fedora-clang, r-devel-linux-x86_64-fedora-gcc, r-release-macos-arm64, r-release-macos-x86_64, r-oldrel-macos-arm64, r-oldrel-macos-x86_64