CRAN Package Check Results for Package troopdata

Last updated on 2024-02-23 06:50:44 CET.

Flavor Version Tinstall Tcheck Ttotal Status Flags
r-devel-linux-x86_64-debian-clang 0.1.5 OK
r-devel-linux-x86_64-debian-gcc 0.1.5 2.77 23.92 26.69 OK
r-devel-linux-x86_64-fedora-clang 0.1.5 42.45 NOTE
r-devel-linux-x86_64-fedora-gcc 0.1.5 39.61 NOTE
r-devel-windows-x86_64 0.1.5 4.00 47.00 51.00 OK
r-patched-linux-x86_64 0.1.5 2.49 30.34 32.83 OK
r-release-linux-x86_64 0.1.5 3.08 30.15 33.23 OK
r-release-macos-arm64 0.1.5 37.00 OK
r-release-macos-x86_64 0.1.5 25.00 OK
r-release-windows-x86_64 0.1.5 6.00 52.00 58.00 OK
r-oldrel-macos-arm64 0.1.5 17.00 NOTE
r-oldrel-windows-x86_64 0.1.5 5.00 54.00 59.00 OK

Check Details

Version: 0.1.5
Check: dependencies in R code
Result: NOTE Namespace in Imports field not imported from: ‘tibble’ All declared Imports should be used. Flavors: r-devel-linux-x86_64-fedora-clang, r-devel-linux-x86_64-fedora-gcc, r-oldrel-macos-arm64

Version: 0.1.5
Check: data for non-ASCII characters
Result: NOTE Note: found 1 marked UTF-8 string Flavors: r-devel-linux-x86_64-fedora-clang, r-devel-linux-x86_64-fedora-gcc, r-oldrel-macos-arm64