CRAN Package Check Results for Package tsibbledata

Last updated on 2022-01-20 06:49:35 CET.

Flavor Version Tinstall Tcheck Ttotal Status Flags
r-devel-linux-x86_64-debian-clang 0.4.0 OK
r-devel-linux-x86_64-debian-gcc 0.4.0 4.00 31.17 35.17 OK
r-devel-linux-x86_64-fedora-clang 0.4.0 55.36 OK
r-devel-linux-x86_64-fedora-gcc 0.4.0 44.14 OK
r-devel-windows-x86_64-new-UL 0.4.0 56.00 61.00 117.00 OK
r-devel-windows-x86_64-new-TK 0.4.0 OK
r-patched-linux-x86_64 0.4.0 5.70 38.01 43.71 OK
r-release-linux-x86_64 0.4.0 OK
r-release-macos-arm64 0.4.0 OK
r-release-macos-x86_64 0.4.0 WARN --as-cran
r-release-windows-ix86+x86_64 0.4.0 11.00 56.00 67.00 OK
r-oldrel-macos-x86_64 0.3.0 NOTE
r-oldrel-windows-ix86+x86_64 0.4.0 11.00 54.00 65.00 OK

Check Details

Version: 0.4.0
Flags: --as-cran
Check: CRAN incoming feasibility
Result: WARN
    Maintainer: ‘Mitchell O'Hara-Wild <mail@mitchelloharawild.com>’
    
    Insufficient package version (submitted: 0.4.0, existing: 0.4.0)
    
    Days since last update: 1
Flavor: r-release-macos-x86_64

Version: 0.4.0
Flags: --as-cran
Check: top-level files
Result: NOTE
    Files ‘README.md’ or ‘NEWS.md’ cannot be checked without ‘pandoc’ being installed.
Flavor: r-release-macos-x86_64

Version: 0.3.0
Check: dependencies in R code
Result: NOTE
    Namespace in Imports field not imported from: ‘tsibble’
     All declared Imports should be used.
Flavor: r-oldrel-macos-x86_64