CRAN Package Check Results for Package tsriadditive

Last updated on 2024-02-26 07:50:17 CET.

Flavor Version Tinstall Tcheck Ttotal Status Flags
r-devel-linux-x86_64-debian-clang 1.0.0 7.76 67.30 75.06 NOTE
r-devel-linux-x86_64-debian-gcc 1.0.0 6.53 53.10 59.63 NOTE
r-devel-linux-x86_64-fedora-clang 1.0.0 94.07 NOTE
r-devel-linux-x86_64-fedora-gcc 1.0.0 89.76 NOTE
r-devel-windows-x86_64 1.0.0 7.00 71.00 78.00 NOTE
r-patched-linux-x86_64 1.0.0 8.47 66.89 75.36 NOTE
r-release-linux-x86_64 1.0.0 7.59 65.94 73.53 NOTE
r-release-macos-arm64 1.0.0 36.00 NOTE
r-release-macos-x86_64 1.0.0 48.00 NOTE
r-release-windows-x86_64 1.0.0 10.00 76.00 86.00 NOTE
r-oldrel-macos-arm64 1.0.0 27.00 NOTE
r-oldrel-windows-x86_64 1.0.0 10.00 83.00 93.00 NOTE

Check Details

Version: 1.0.0
Check: LazyData
Result: NOTE 'LazyData' is specified without a 'data' directory Flavors: r-devel-linux-x86_64-debian-clang, r-devel-linux-x86_64-debian-gcc, r-devel-linux-x86_64-fedora-clang, r-devel-linux-x86_64-fedora-gcc, r-devel-windows-x86_64, r-patched-linux-x86_64, r-release-linux-x86_64, r-release-macos-arm64, r-release-macos-x86_64, r-release-windows-x86_64, r-oldrel-macos-arm64, r-oldrel-windows-x86_64