Last updated on 2023-01-27 07:50:47 CET.
Flavor | Version | Tinstall | Tcheck | Ttotal | Status | Flags |
---|---|---|---|---|---|---|
r-devel-linux-x86_64-debian-clang | 0.3.2 | 72.61 | 88.11 | 160.72 | OK | |
r-devel-linux-x86_64-debian-gcc | 0.3.2 | 47.57 | 66.57 | 114.14 | NOTE | |
r-devel-linux-x86_64-fedora-clang | 0.3.2 | 209.33 | NOTE | |||
r-devel-linux-x86_64-fedora-gcc | 0.3.2 | 202.61 | NOTE | |||
r-patched-linux-x86_64 | 0.3.2 | 55.44 | 83.60 | 139.04 | OK | |
r-release-linux-x86_64 | 0.3.2 | 51.51 | 85.55 | 137.06 | OK | |
r-release-macos-arm64 | 0.3.2 | 59.00 | OK | |||
r-release-macos-x86_64 | 0.3.2 | 70.00 | OK | |||
r-release-windows-x86_64 | 0.3.2 | 56.00 | 143.00 | 199.00 | OK | |
r-oldrel-macos-arm64 | 0.3.2 | 61.00 | OK | |||
r-oldrel-macos-x86_64 | 0.3.2 | 72.00 | OK | |||
r-oldrel-windows-ix86+x86_64 | 0.3.2 | 161.00 | 152.00 | 313.00 | OK |
Version: 0.3.2
Check: C++ specification
Result: NOTE
Specified C++11: please update to current default of C++17
Flavors: r-devel-linux-x86_64-debian-gcc, r-devel-linux-x86_64-fedora-clang, r-devel-linux-x86_64-fedora-gcc