CRAN Package Check Results for Package tvd

Last updated on 2021-06-21 06:49:28 CEST.

Flavor Version Tinstall Tcheck Ttotal Status Flags
r-devel-linux-x86_64-debian-clang 0.1.0 18.18 25.36 43.54 OK
r-devel-linux-x86_64-debian-gcc 0.1.0 10.17 20.21 30.38 OK
r-devel-linux-x86_64-fedora-clang 0.1.0 66.29 NOTE
r-devel-linux-x86_64-fedora-gcc 0.1.0 51.45 NOTE
r-devel-windows-x86_64 0.1.0 22.00 50.00 72.00 OK
r-devel-windows-x86_64-gcc10-UCRT 0.1.0 OK
r-patched-linux-x86_64 0.1.0 13.29 24.94 38.23 OK
r-patched-solaris-x86 0.1.0 64.90 OK
r-release-linux-x86_64 0.1.0 13.26 24.86 38.12 OK
r-release-macos-arm64 0.1.0 OK
r-release-macos-x86_64 0.1.0 OK
r-release-windows-ix86+x86_64 0.1.0 42.00 54.00 96.00 OK
r-oldrel-macos-x86_64 0.1.0 OK
r-oldrel-windows-ix86+x86_64 0.1.0 34.00 0.00 34.00 OK

Check Details

Version: 0.1.0
Check: compiled code
Result: NOTE
    File ‘tvd/libs/tvd.so’:
     Found no calls to: ‘R_registerRoutines’, ‘R_useDynamicSymbols’
    
    It is good practice to register native routines and to disable symbol
    search.
    
    See ‘Writing portable packages’ in the ‘Writing R Extensions’ manual.
Flavors: r-devel-linux-x86_64-fedora-clang, r-devel-linux-x86_64-fedora-gcc