Last updated on 2022-05-24 06:50:56 CEST.
Flavor | Version | Tinstall | Tcheck | Ttotal | Status | Flags |
---|---|---|---|---|---|---|
r-devel-linux-x86_64-debian-clang | 1.1 | 9.50 | 157.13 | 166.63 | OK | |
r-devel-linux-x86_64-debian-gcc | 1.1 | 8.50 | 118.64 | 127.14 | OK | |
r-devel-linux-x86_64-fedora-clang | 1.1 | 197.54 | NOTE | |||
r-devel-linux-x86_64-fedora-gcc | 1.1 | 186.91 | OK | |||
r-devel-windows-x86_64 | 1.1 | 78.00 | 191.00 | 269.00 | OK | |
r-patched-linux-x86_64 | 1.1 | 15.36 | 148.13 | 163.49 | OK | |
r-release-linux-x86_64 | 1.1 | OK | ||||
r-release-macos-arm64 | 1.1 | 57.00 | OK | |||
r-release-macos-x86_64 | 1.1 | 101.00 | OK | |||
r-release-windows-x86_64 | 1.1 | 78.00 | 193.00 | 271.00 | OK | |
r-oldrel-macos-arm64 | 1.1 | 48.00 | OK | |||
r-oldrel-macos-x86_64 | 1.1 | 72.00 | OK | |||
r-oldrel-windows-ix86+x86_64 | 1.1 | 23.00 | 187.00 | 210.00 | OK |
Version: 1.1
Check: Rd cross-references
Result: NOTE
Undeclared package ‘xgboost’ in Rd xrefs
Flavor: r-devel-linux-x86_64-fedora-clang