CRAN Package Check Results for Package twitteR

Last updated on 2022-01-25 06:48:52 CET.

Flavor Version Tinstall Tcheck Ttotal Status Flags
r-devel-linux-x86_64-debian-clang 1.1.9 7.92 49.73 57.65 NOTE
r-devel-linux-x86_64-debian-gcc 1.1.9 7.60 39.85 47.45 NOTE
r-devel-linux-x86_64-fedora-clang 1.1.9 72.42 NOTE
r-devel-linux-x86_64-fedora-gcc 1.1.9 62.62 NOTE
r-devel-windows-x86_64-new-UL 1.1.9 88.00 76.00 164.00 NOTE
r-devel-windows-x86_64-new-TK 1.1.9 NOTE
r-patched-linux-x86_64 1.1.9 11.53 48.55 60.08 NOTE
r-release-linux-x86_64 1.1.9 6.43 48.29 54.72 NOTE
r-release-macos-arm64 1.1.9 NOTE
r-release-macos-x86_64 1.1.9 NOTE
r-release-windows-ix86+x86_64 1.1.9 18.00 61.00 79.00 NOTE
r-oldrel-macos-x86_64 1.1.9 OK
r-oldrel-windows-ix86+x86_64 1.1.9 19.00 62.00 81.00 OK

Check Details

Version: 1.1.9
Check: LazyData
Result: NOTE
     'LazyData' is specified without a 'data' directory
Flavors: r-devel-linux-x86_64-debian-clang, r-devel-linux-x86_64-debian-gcc, r-devel-linux-x86_64-fedora-clang, r-devel-linux-x86_64-fedora-gcc, r-devel-windows-x86_64-new-UL, r-devel-windows-x86_64-new-TK, r-patched-linux-x86_64, r-release-linux-x86_64, r-release-macos-arm64, r-release-macos-x86_64, r-release-windows-ix86+x86_64