Last updated on 2022-05-22 06:52:15 CEST.
Flavor | Version | Tinstall | Tcheck | Ttotal | Status | Flags |
---|---|---|---|---|---|---|
r-devel-linux-x86_64-debian-clang | 0.2.2 | 10.54 | 76.44 | 86.98 | OK | |
r-devel-linux-x86_64-debian-gcc | 0.2.2 | 8.52 | 57.81 | 66.33 | OK | |
r-devel-linux-x86_64-fedora-clang | 0.2.2 | 103.76 | NOTE | |||
r-devel-linux-x86_64-fedora-gcc | 0.2.2 | 100.82 | NOTE | |||
r-devel-windows-x86_64 | 0.2.2 | 26.00 | 99.00 | 125.00 | OK | |
r-patched-linux-x86_64 | 0.2.2 | 10.55 | 71.59 | 82.14 | OK | |
r-release-linux-x86_64 | 0.2.2 | 9.51 | 71.57 | 81.08 | OK | |
r-release-macos-arm64 | 0.2.2 | 35.00 | NOTE | |||
r-release-macos-x86_64 | 0.2.2 | 50.00 | NOTE | |||
r-release-windows-x86_64 | 0.2.2 | 21.00 | 96.00 | 117.00 | OK | |
r-oldrel-macos-arm64 | 0.2.2 | 32.00 | NOTE | |||
r-oldrel-macos-x86_64 | 0.2.2 | 47.00 | NOTE | |||
r-oldrel-windows-ix86+x86_64 | 0.2.2 | 24.00 | 87.00 | 111.00 | OK |
Version: 0.2.2
Check: data for non-ASCII characters
Result: NOTE
Note: found 9 marked UTF-8 strings
Flavors: r-devel-linux-x86_64-fedora-clang, r-devel-linux-x86_64-fedora-gcc, r-release-macos-arm64, r-release-macos-x86_64, r-oldrel-macos-arm64, r-oldrel-macos-x86_64