CRAN Package Check Results for Package tzdb

Last updated on 2023-03-22 05:52:42 CET.

Flavor Version Tinstall Tcheck Ttotal Status Flags
r-devel-linux-x86_64-debian-clang 0.3.0 24.57 22.88 47.45 NOTE
r-devel-linux-x86_64-debian-gcc 0.3.0 19.59 18.14 37.73 NOTE
r-devel-linux-x86_64-fedora-clang 0.3.0 73.25 NOTE
r-devel-linux-x86_64-fedora-gcc 0.3.0 61.22 NOTE
r-patched-linux-x86_64 0.3.0 21.79 24.28 46.07 OK
r-release-linux-x86_64 0.3.0 23.01 24.26 47.27 OK
r-release-macos-arm64 0.3.0 28.00 OK
r-release-macos-x86_64 0.3.0 36.00 OK
r-release-windows-x86_64 0.3.0 38.00 80.00 118.00 OK
r-oldrel-macos-arm64 0.3.0 34.00 OK
r-oldrel-macos-x86_64 0.3.0 49.00 OK
r-oldrel-windows-ix86+x86_64 0.3.0 66.00 76.00 142.00 OK

Check Details

Version: 0.3.0
Check: C++ specification
Result: NOTE
     Specified C++11: please drop specification unless essential
Flavors: r-devel-linux-x86_64-debian-clang, r-devel-linux-x86_64-debian-gcc, r-devel-linux-x86_64-fedora-clang, r-devel-linux-x86_64-fedora-gcc