CRAN Package Check Results for Package udapi

Last updated on 2022-07-02 07:07:13 CEST.

Flavor Version Tinstall Tcheck Ttotal Status Flags
r-devel-linux-x86_64-debian-clang 0.1.3 1.86 23.15 25.01 ERROR
r-devel-linux-x86_64-debian-gcc 0.1.3 1.51 18.36 19.87 ERROR
r-devel-linux-x86_64-fedora-clang 0.1.3 41.38 ERROR
r-devel-linux-x86_64-fedora-gcc 0.1.3 43.72 ERROR
r-devel-windows-x86_64 0.1.3 7.00 50.00 57.00 ERROR
r-patched-linux-x86_64 0.1.3 1.79 22.39 24.18 ERROR
r-release-linux-x86_64 0.1.3 1.95 23.15 25.10 ERROR
r-release-macos-arm64 0.1.3 20.00 NOTE
r-release-macos-x86_64 0.1.3 25.00 NOTE
r-release-windows-x86_64 0.1.3 8.00 52.00 60.00 ERROR
r-oldrel-macos-arm64 0.1.3 23.00 NOTE
r-oldrel-macos-x86_64 0.1.3 27.00 NOTE
r-oldrel-windows-ix86+x86_64 0.1.3 5.00 42.00 47.00 ERROR

Check Details

Version: 0.1.3
Check: LazyData
Result: NOTE
     'LazyData' is specified without a 'data' directory
Flavors: r-devel-linux-x86_64-debian-clang, r-devel-linux-x86_64-debian-gcc, r-devel-linux-x86_64-fedora-clang, r-devel-linux-x86_64-fedora-gcc, r-devel-windows-x86_64, r-patched-linux-x86_64, r-release-linux-x86_64, r-release-macos-arm64, r-release-macos-x86_64, r-release-windows-x86_64, r-oldrel-macos-arm64, r-oldrel-macos-x86_64, r-oldrel-windows-ix86+x86_64

Version: 0.1.3
Check: tests
Result: ERROR
     Running 'testthat.R' [2s/3s]
    Running the tests in 'tests/testthat.R' failed.
    Complete output:
     > library(testthat)
     > library(udapi)
     >
     > test_check("udapi")
     [ FAIL 1 | WARN 0 | SKIP 0 | PASS 2 ]
    
     == Failed tests ================================================================
     -- Failure (test_udapi.R:11:3): random content can be retrieved ----------------
     `x` not equal to `expected`.
     1/1 mismatches
     [1] 6 - 10 == -4
     Backtrace:
     x
     1. \-testthat::expect_that(nrow(result), equals(10)) at test_udapi.R:11:2
     2. \-testthat (local) condition(object)
     3. \-testthat::expect_equal(x, expected, ..., expected.label = label)
    
     [ FAIL 1 | WARN 0 | SKIP 0 | PASS 2 ]
     Error: Test failures
     Execution halted
Flavor: r-devel-linux-x86_64-debian-clang

Version: 0.1.3
Check: tests
Result: ERROR
     Running ‘testthat.R’ [1s/3s]
    Running the tests in ‘tests/testthat.R’ failed.
    Complete output:
     > library(testthat)
     > library(udapi)
     >
     > test_check("udapi")
     [ FAIL 1 | WARN 0 | SKIP 0 | PASS 2 ]
    
     ══ Failed tests ════════════════════════════════════════════════════════════════
     ── Failure (test_udapi.R:11:3): random content can be retrieved ────────────────
     `x` not equal to `expected`.
     1/1 mismatches
     [1] 7 - 10 == -3
     Backtrace:
     ▆
     1. └─testthat::expect_that(nrow(result), equals(10)) at test_udapi.R:11:2
     2. └─testthat (local) condition(object)
     3. └─testthat::expect_equal(x, expected, ..., expected.label = label)
    
     [ FAIL 1 | WARN 0 | SKIP 0 | PASS 2 ]
     Error: Test failures
     Execution halted
Flavor: r-devel-linux-x86_64-debian-gcc

Version: 0.1.3
Check: tests
Result: ERROR
     Running ‘testthat.R’
    Running the tests in ‘tests/testthat.R’ failed.
    Complete output:
     > library(testthat)
     > library(udapi)
     >
     > test_check("udapi")
     [ FAIL 1 | WARN 0 | SKIP 0 | PASS 2 ]
    
     ══ Failed tests ════════════════════════════════════════════════════════════════
     ── Failure (test_udapi.R:11:3): random content can be retrieved ────────────────
     `x` not equal to `expected`.
     1/1 mismatches
     [1] 9 - 10 == -1
     Backtrace:
     ▆
     1. └─testthat::expect_that(nrow(result), equals(10)) at test_udapi.R:11:2
     2. └─testthat condition(object)
     3. └─testthat::expect_equal(x, expected, ..., expected.label = label)
    
     [ FAIL 1 | WARN 0 | SKIP 0 | PASS 2 ]
     Error: Test failures
     Execution halted
Flavors: r-devel-linux-x86_64-fedora-clang, r-devel-linux-x86_64-fedora-gcc

Version: 0.1.3
Check: tests
Result: ERROR
     Running 'testthat.R' [2s]
    Running the tests in 'tests/testthat.R' failed.
    Complete output:
     > library(testthat)
     > library(udapi)
     >
     > test_check("udapi")
     [ FAIL 1 | WARN 0 | SKIP 0 | PASS 2 ]
    
     ══ Failed tests ════════════════════════════════════════════════════════════════
     ── Failure (test_udapi.R:11:3): random content can be retrieved ────────────────
     `x` not equal to `expected`.
     1/1 mismatches
     [1] 7 - 10 == -3
     Backtrace:
     ▆
     1. └─testthat::expect_that(nrow(result), equals(10)) at test_udapi.R:11:2
     2. └─testthat (local) condition(object)
     3. └─testthat::expect_equal(x, expected, ..., expected.label = label)
    
     [ FAIL 1 | WARN 0 | SKIP 0 | PASS 2 ]
     Error: Test failures
     Execution halted
Flavors: r-devel-windows-x86_64, r-release-windows-x86_64

Version: 0.1.3
Check: tests
Result: ERROR
     Running ‘testthat.R’ [2s/2s]
    Running the tests in ‘tests/testthat.R’ failed.
    Complete output:
     > library(testthat)
     > library(udapi)
     >
     > test_check("udapi")
     [ FAIL 1 | WARN 0 | SKIP 0 | PASS 2 ]
    
     ══ Failed tests ════════════════════════════════════════════════════════════════
     ── Failure (test_udapi.R:11:3): random content can be retrieved ────────────────
     `x` not equal to `expected`.
     1/1 mismatches
     [1] 8 - 10 == -2
     Backtrace:
     ▆
     1. └─testthat::expect_that(nrow(result), equals(10)) at test_udapi.R:11:2
     2. └─testthat (local) condition(object)
     3. └─testthat::expect_equal(x, expected, ..., expected.label = label)
    
     [ FAIL 1 | WARN 0 | SKIP 0 | PASS 2 ]
     Error: Test failures
     Execution halted
Flavors: r-patched-linux-x86_64, r-release-linux-x86_64

Version: 0.1.3
Check: tests
Result: ERROR
     Running 'testthat.R' [2s]
    Running the tests in 'tests/testthat.R' failed.
    Complete output:
     > library(testthat)
     > library(udapi)
     >
     > test_check("udapi")
     [ FAIL 1 | WARN 0 | SKIP 0 | PASS 2 ]
    
     == Failed tests ================================================================
     -- Failure (test_udapi.R:11:3): random content can be retrieved ----------------
     `x` not equal to `expected`.
     1/1 mismatches
     [1] 8 - 10 == -2
     Backtrace:
     x
     1. \-testthat::expect_that(nrow(result), equals(10)) at test_udapi.R:11:2
     2. \-testthat condition(object)
     3. \-testthat::expect_equal(x, expected, ..., expected.label = label)
    
     [ FAIL 1 | WARN 0 | SKIP 0 | PASS 2 ]
     Error: Test failures
     Execution halted
Flavor: r-oldrel-windows-ix86+x86_64