Last updated on 2023-12-10 06:50:42 CET.
Flavor | Version | Tinstall | Tcheck | Ttotal | Status | Flags |
---|---|---|---|---|---|---|
r-devel-linux-x86_64-debian-clang | 0.3.0 | 21.75 | 31.18 | 52.93 | NOTE | |
r-devel-linux-x86_64-debian-gcc | 0.3.0 | 14.89 | 24.51 | 39.40 | NOTE | |
r-devel-linux-x86_64-fedora-clang | 0.3.0 | 72.37 | NOTE | |||
r-devel-linux-x86_64-fedora-gcc | 0.3.0 | 79.75 | NOTE | |||
r-devel-windows-x86_64 | 0.3.0 | 17.00 | 65.00 | 82.00 | NOTE | |
r-patched-linux-x86_64 | 0.3.0 | 17.72 | 30.65 | 48.37 | NOTE | |
r-release-linux-x86_64 | 0.3.0 | 17.53 | 30.79 | 48.32 | NOTE | |
r-release-macos-arm64 | 0.3.0 | 31.00 | NOTE | |||
r-release-macos-x86_64 | 0.3.0 | 47.00 | NOTE | |||
r-release-windows-x86_64 | 0.3.0 | 19.00 | 71.00 | 90.00 | NOTE | |
r-oldrel-macos-arm64 | 0.3.0 | 27.00 | OK | |||
r-oldrel-macos-x86_64 | 0.3.0 | 32.00 | OK | |||
r-oldrel-windows-x86_64 | 0.3.0 | 23.00 | 71.00 | 94.00 | OK |
Version: 0.3.0
Check: C++ specification
Result: NOTE
Specified C++11: please drop specification unless essential
Flavors: r-devel-linux-x86_64-debian-clang, r-devel-linux-x86_64-debian-gcc, r-devel-linux-x86_64-fedora-clang, r-devel-linux-x86_64-fedora-gcc, r-devel-windows-x86_64, r-patched-linux-x86_64, r-release-linux-x86_64, r-release-macos-arm64, r-release-macos-x86_64, r-release-windows-x86_64
Version: 0.3.0
Check: package subdirectories
Result: NOTE
Problems with news in ‘NEWS.md’:
No news entries found.
Flavors: r-devel-linux-x86_64-debian-clang, r-devel-linux-x86_64-debian-gcc, r-devel-linux-x86_64-fedora-clang, r-devel-linux-x86_64-fedora-gcc, r-devel-windows-x86_64, r-patched-linux-x86_64, r-release-linux-x86_64, r-release-macos-arm64, r-release-macos-x86_64, r-release-windows-x86_64