Last updated on 2023-01-31 06:51:39 CET.
Flavor | Version | Tinstall | Tcheck | Ttotal | Status | Flags |
---|---|---|---|---|---|---|
r-devel-linux-x86_64-debian-clang | 0.3.0 | 21.97 | 30.21 | 52.18 | NOTE | |
r-devel-linux-x86_64-debian-gcc | 0.3.0 | 16.03 | 24.06 | 40.09 | NOTE | |
r-devel-linux-x86_64-fedora-clang | 0.3.0 | 71.30 | NOTE | |||
r-devel-linux-x86_64-fedora-gcc | 0.3.0 | 75.39 | NOTE | |||
r-devel-windows-x86_64 | 0.3.0 | 27.00 | 81.00 | 108.00 | NOTE | |
r-patched-linux-x86_64 | 0.3.0 | 14.31 | 30.46 | 44.77 | OK | |
r-release-linux-x86_64 | 0.3.0 | 18.94 | 30.54 | 49.48 | OK | |
r-release-macos-arm64 | 0.3.0 | 25.00 | OK | |||
r-release-macos-x86_64 | 0.3.0 | 32.00 | OK | |||
r-release-windows-x86_64 | 0.3.0 | 28.00 | 90.00 | 118.00 | OK | |
r-oldrel-macos-arm64 | 0.3.0 | 30.00 | OK | |||
r-oldrel-macos-x86_64 | 0.3.0 | 44.00 | OK | |||
r-oldrel-windows-ix86+x86_64 | 0.3.0 | 50.00 | 86.00 | 136.00 | OK |
Version: 0.3.0
Check: package subdirectories
Result: NOTE
Problems with news in ‘NEWS.md’:
No news entries found.
Flavors: r-devel-linux-x86_64-debian-clang, r-devel-linux-x86_64-debian-gcc, r-devel-linux-x86_64-fedora-clang, r-devel-linux-x86_64-fedora-gcc, r-devel-windows-x86_64
Version: 0.3.0
Check: C++ specification
Result: NOTE
Specified C++11: please update to current default of C++17
Flavors: r-devel-linux-x86_64-debian-gcc, r-devel-linux-x86_64-fedora-clang, r-devel-linux-x86_64-fedora-gcc, r-devel-windows-x86_64