CRAN Package Check Results for Package uniqtag

Last updated on 2022-01-22 06:49:09 CET.

Flavor Version Tinstall Tcheck Ttotal Status Flags
r-devel-linux-x86_64-debian-clang 1.0 1.44 30.55 31.99 NOTE
r-devel-linux-x86_64-debian-gcc 1.0 1.37 24.22 25.59 NOTE
r-devel-linux-x86_64-fedora-clang 1.0 41.61 NOTE
r-devel-linux-x86_64-fedora-gcc 1.0 29.84 NOTE
r-devel-windows-x86_64-new-UL 1.0 15.00 54.00 69.00 NOTE
r-devel-windows-x86_64-new-TK 1.0 NOTE
r-patched-linux-x86_64 1.0 1.87 29.77 31.64 NOTE
r-release-linux-x86_64 1.0 1.57 29.49 31.06 NOTE
r-release-macos-arm64 1.0 NOTE
r-release-macos-x86_64 1.0 NOTE
r-release-windows-ix86+x86_64 1.0 5.00 40.00 45.00 NOTE
r-oldrel-macos-x86_64 1.0 NOTE
r-oldrel-windows-ix86+x86_64 1.0 5.00 40.00 45.00 NOTE

Check Details

Version: 1.0
Check: R code for possible problems
Result: NOTE
    cumcount: no visible global function definition for 'setNames'
    uniqtag: no visible global function definition for 'setNames'
    Undefined global functions or variables:
     setNames
    Consider adding
     importFrom("stats", "setNames")
    to your NAMESPACE file.
Flavors: r-devel-linux-x86_64-debian-clang, r-devel-linux-x86_64-debian-gcc, r-devel-linux-x86_64-fedora-clang, r-devel-linux-x86_64-fedora-gcc, r-devel-windows-x86_64-new-UL, r-devel-windows-x86_64-new-TK, r-patched-linux-x86_64, r-release-linux-x86_64, r-release-macos-arm64, r-release-macos-x86_64, r-release-windows-ix86+x86_64, r-oldrel-macos-x86_64, r-oldrel-windows-ix86+x86_64