CRAN Package Check Results for Package unisensR

Last updated on 2022-01-21 07:52:52 CET.

Flavor Version Tinstall Tcheck Ttotal Status Flags
r-devel-linux-x86_64-debian-clang 0.3.3 NOTE
r-devel-linux-x86_64-debian-gcc 0.3.3 2.01 33.23 35.24 NOTE
r-devel-linux-x86_64-fedora-clang 0.3.3 55.03 NOTE
r-devel-linux-x86_64-fedora-gcc 0.3.3 43.98 NOTE
r-devel-windows-x86_64-new-UL 0.3.3 34.00 62.00 96.00 NOTE
r-devel-windows-x86_64-new-TK 0.3.3 NOTE
r-patched-linux-x86_64 0.3.3 2.10 41.30 43.40 NOTE
r-release-linux-x86_64 0.3.3 2.10 40.64 42.74 NOTE
r-release-macos-arm64 0.3.3 NOTE
r-release-macos-x86_64 0.3.3 NOTE
r-release-windows-ix86+x86_64 0.3.3 6.00 54.00 60.00 NOTE
r-oldrel-macos-x86_64 0.3.3 OK
r-oldrel-windows-ix86+x86_64 0.3.3 5.00 53.00 58.00 OK

Check Details

Version: 0.3.3
Check: LazyData
Result: NOTE
     'LazyData' is specified without a 'data' directory
Flavors: r-devel-linux-x86_64-debian-clang, r-devel-linux-x86_64-debian-gcc, r-devel-linux-x86_64-fedora-clang, r-devel-linux-x86_64-fedora-gcc, r-devel-windows-x86_64-new-UL, r-devel-windows-x86_64-new-TK, r-patched-linux-x86_64, r-release-linux-x86_64, r-release-macos-arm64, r-release-macos-x86_64, r-release-windows-ix86+x86_64