CRAN Package Check Results for Package upstartr

Last updated on 2022-01-26 06:50:33 CET.

Flavor Version Tinstall Tcheck Ttotal Status Flags
r-devel-linux-x86_64-debian-clang 0.1.1 11.02 101.28 112.30 NOTE
r-devel-linux-x86_64-debian-gcc 0.1.1 8.46 77.44 85.90 NOTE
r-devel-linux-x86_64-fedora-clang 0.1.1 130.64 NOTE
r-devel-linux-x86_64-fedora-gcc 0.1.1 123.67 NOTE
r-devel-windows-x86_64-new-UL 0.1.1 56.00 118.00 174.00 NOTE
r-devel-windows-x86_64-new-TK 0.1.1 NOTE
r-patched-linux-x86_64 0.1.1 9.63 90.65 100.28 NOTE
r-release-linux-x86_64 0.1.1 7.57 89.94 97.51 NOTE
r-release-macos-arm64 0.1.1 NOTE
r-release-macos-x86_64 0.1.1 NOTE
r-release-windows-ix86+x86_64 0.1.1 25.00 111.00 136.00 NOTE
r-oldrel-macos-x86_64 0.1.1 OK
r-oldrel-windows-ix86+x86_64 0.1.1 25.00 113.00 138.00 OK

Check Details

Version: 0.1.1
Check: LazyData
Result: NOTE
     'LazyData' is specified without a 'data' directory
Flavors: r-devel-linux-x86_64-debian-clang, r-devel-linux-x86_64-debian-gcc, r-devel-linux-x86_64-fedora-clang, r-devel-linux-x86_64-fedora-gcc, r-devel-windows-x86_64-new-UL, r-devel-windows-x86_64-new-TK, r-patched-linux-x86_64, r-release-linux-x86_64, r-release-macos-arm64, r-release-macos-x86_64, r-release-windows-ix86+x86_64