Last updated on 2023-03-30 06:53:40 CEST.
Flavor | Version | Tinstall | Tcheck | Ttotal | Status | Flags |
---|---|---|---|---|---|---|
r-devel-linux-x86_64-debian-clang | 1.0.1 | 1.80 | 21.91 | 23.71 | OK | |
r-devel-linux-x86_64-debian-gcc | 1.0.1 | 1.68 | 17.24 | 18.92 | OK | |
r-devel-linux-x86_64-fedora-clang | 1.0.1 | 30.53 | NOTE | |||
r-devel-linux-x86_64-fedora-gcc | 1.0.1 | 28.89 | NOTE | |||
r-patched-linux-x86_64 | 1.0.1 | 2.20 | 21.01 | 23.21 | OK | |
r-release-linux-x86_64 | 1.0.1 | 1.46 | 22.22 | 23.68 | OK | |
r-release-macos-arm64 | 1.0.1 | 16.00 | NOTE | |||
r-release-macos-x86_64 | 1.0.1 | 24.00 | NOTE | |||
r-release-windows-x86_64 | 1.0.1 | 14.00 | 50.00 | 64.00 | OK | |
r-oldrel-macos-arm64 | 1.0.1 | 19.00 | NOTE | |||
r-oldrel-macos-x86_64 | 1.0.1 | 25.00 | NOTE | |||
r-oldrel-windows-ix86+x86_64 | 1.0.1 | 6.00 | 47.00 | 53.00 | OK |
Version: 1.0.1
Check: data for non-ASCII characters
Result: NOTE
Note: found 2 marked UTF-8 strings
Flavors: r-devel-linux-x86_64-fedora-clang, r-devel-linux-x86_64-fedora-gcc, r-release-macos-arm64, r-release-macos-x86_64, r-oldrel-macos-arm64, r-oldrel-macos-x86_64