Last updated on 2023-12-08 06:51:21 CET.
Flavor | Version | Tinstall | Tcheck | Ttotal | Status | Flags |
---|---|---|---|---|---|---|
r-devel-linux-x86_64-debian-clang | 2.2.2 | 8.59 | 164.89 | 173.48 | NOTE | |
r-devel-linux-x86_64-debian-gcc | 2.2.2 | 10.29 | 127.07 | 137.36 | NOTE | |
r-devel-linux-x86_64-fedora-clang | 2.2.2 | 199.15 | NOTE | |||
r-devel-linux-x86_64-fedora-gcc | 2.2.2 | 188.30 | NOTE | |||
r-devel-windows-x86_64 | 2.2.2 | 13.00 | 188.00 | 201.00 | NOTE | |
r-patched-linux-x86_64 | 2.2.2 | 10.80 | 160.52 | 171.32 | OK | |
r-release-linux-x86_64 | 2.2.2 | 11.49 | 158.40 | 169.89 | OK | |
r-release-macos-arm64 | 2.2.2 | 63.00 | OK | |||
r-release-macos-x86_64 | 2.2.2 | 204.00 | OK | |||
r-release-windows-x86_64 | 2.2.2 | 15.00 | 238.00 | 253.00 | OK | |
r-oldrel-macos-arm64 | 2.2.2 | 70.00 | OK | |||
r-oldrel-macos-x86_64 | 2.2.2 | 89.00 | OK | |||
r-oldrel-windows-x86_64 | 2.2.2 | 16.00 | 258.00 | 274.00 | OK |
Version: 2.2.2
Check: Rd files
Result: NOTE
checkRd: (-1) licenses.Rd:35: Lost braces; missing escapes or markup?
35 | defaults to "{package name} authors"; you should only change this if you
| ^
checkRd: (-1) tidyverse.Rd:54: Lost braces; missing escapes or markup?
54 | defaults to "{package name} authors"; you should only change this if you
| ^
Flavors: r-devel-linux-x86_64-debian-clang, r-devel-linux-x86_64-debian-gcc
Version: 2.2.2
Check: Rd \usage sections
Result: NOTE
Documented arguments not in \usage in Rd file 'use_course_details.Rd':
‘destdir’ ‘zipfile’
Documented arguments not in \usage in Rd file 'write-this.Rd':
‘contents’
Functions with \usage entries need to have the appropriate \alias
entries, and all their arguments documented.
The \usage entries must correspond to syntactically valid R code.
See chapter ‘Writing R documentation files’ in the ‘Writing R
Extensions’ manual.
Flavors: r-devel-linux-x86_64-debian-clang, r-devel-linux-x86_64-debian-gcc, r-devel-linux-x86_64-fedora-clang, r-devel-linux-x86_64-fedora-gcc, r-devel-windows-x86_64
Version: 2.2.2
Check: Rd cross-references
Result: NOTE
Undeclared package ‘devtools’ in Rd xrefs
Flavor: r-devel-linux-x86_64-fedora-clang