Last updated on 2021-01-16 06:51:26 CET.
Flavor | Version | Tinstall | Tcheck | Ttotal | Status | Flags |
---|---|---|---|---|---|---|
r-devel-linux-x86_64-debian-clang | 0.0.6 | 3.73 | 38.76 | 42.49 | OK | |
r-devel-linux-x86_64-debian-gcc | 0.0.6 | 3.35 | 33.80 | 37.15 | OK | |
r-devel-linux-x86_64-fedora-clang | 0.0.6 | 63.84 | NOTE | |||
r-devel-linux-x86_64-fedora-gcc | 0.0.6 | 49.85 | NOTE | |||
r-devel-windows-ix86+x86_64 | 0.0.6 | 8.00 | 48.00 | 56.00 | OK | |
r-patched-linux-x86_64 | 0.0.6 | 3.64 | 36.77 | 40.41 | OK | |
r-patched-solaris-x86 | 0.0.6 | 82.00 | NOTE | |||
r-release-linux-x86_64 | 0.0.6 | 3.70 | 40.20 | 43.90 | OK | |
r-release-macos-x86_64 | 0.0.6 | NOTE | ||||
r-release-windows-ix86+x86_64 | 0.0.6 | 8.00 | 62.00 | 70.00 | OK | |
r-oldrel-macos-x86_64 | 0.0.6 | NOTE | ||||
r-oldrel-windows-ix86+x86_64 | 0.0.6 | 8.00 | 41.00 | 49.00 | OK |
Version: 0.0.6
Check: dependencies in R code
Result: NOTE
Namespaces in Imports field not imported from:
‘RCurl’ ‘stringdist’ ‘utils’
All declared Imports should be used.
Flavors: r-devel-linux-x86_64-fedora-clang, r-devel-linux-x86_64-fedora-gcc, r-patched-solaris-x86, r-release-macos-x86_64, r-oldrel-macos-x86_64